71.63.191.38 - - [09/Feb/2010:17:31:34 -0600] "GET /bosnews/style.css HTTP/1.1" 404 215 "http://www.cpmn.org/" "Mozilla/4.0 (compatible; MSIE 8.0; Windows NT 5.1; Trident/4.0; GTB6; Mozilla/4.0 (compatible; MSIE 6.0; Windows NT 5.1; SV1) ; .NET CLR 1.1.4322; .NET CLR 2.0.50727; .NET CLR 3.0.4506.2152; .NET CLR 3.5.30729)"
71.63.191.38 - - [09/Feb/2010:17:31:34 -0600] "GET /bosnews/javascript.js HTTP/1.1" 404 219 "http://www.cpmn.org/" "Mozilla/4.0 (compatible; MSIE 8.0; Windows NT 5.1; Trident/4.0; GTB6; Mozilla/4.0 (compatible; MSIE 6.0; Windows NT 5.1; SV1) ; .NET CLR 1.1.4322; .NET CLR 2.0.50727; .NET CLR 3.0.4506.2152; .NET CLR 3.5.30729)"
71.63.191.38 - - [09/Feb/2010:17:31:34 -0600] "GET /bosnews/images/rss.png HTTP/1.1" 404 220 "http://www.cpmn.org/" "Mozilla/4.0 (compatible; MSIE 8.0; Windows NT 5.1; Trident/4.0; GTB6; Mozilla/4.0 (compatible; MSIE 6.0; Windows NT 5.1; SV1) ; .NET CLR 1.1.4322; .NET CLR 2.0.50727; .NET CLR 3.0.4506.2152; .NET CLR 3.5.30729)"
71.63.191.38 - - [09/Feb/2010:17:39:53 -0600] "GET /bosnews/javascript.js HTTP/1.1" 404 219 "http://www.cpmn.org/" "Mozilla/4.0 (compatible; MSIE 8.0; Windows NT 5.1; Trident/4.0; GTB6; Mozilla/4.0 (compatible; MSIE 6.0; Windows NT 5.1; SV1) ; .NET CLR 1.1.4322; .NET CLR 2.0.50727; .NET CLR 3.0.4506.2152; .NET CLR 3.5.30729)"
71.63.191.38 - - [09/Feb/2010:17:39:53 -0600] "GET /bosnews/style.css HTTP/1.1" 404 215 "http://www.cpmn.org/" "Mozilla/4.0 (compatible; MSIE 8.0; Windows NT 5.1; Trident/4.0; GTB6; Mozilla/4.0 (compatible; MSIE 6.0; Windows NT 5.1; SV1) ; .NET CLR 1.1.4322; .NET CLR 2.0.50727; .NET CLR 3.0.4506.2152; .NET CLR 3.5.30729)"
71.63.191.38 - - [09/Feb/2010:17:40:02 -0600] "GET /bosnews/style.css HTTP/1.1" 404 215 "http://www.cpmn.org/" "Mozilla/4.0 (compatible; MSIE 8.0; Windows NT 5.1; Trident/4.0; GTB6; Mozilla/4.0 (compatible; MSIE 6.0; Windows NT 5.1; SV1) ; .NET CLR 1.1.4322; .NET CLR 2.0.50727; .NET CLR 3.0.4506.2152; .NET CLR 3.5.30729)"
71.63.191.38 - - [09/Feb/2010:17:40:02 -0600] "GET /bosnews/javascript.js HTTP/1.1" 404 219 "http://www.cpmn.org/" "Mozilla/4.0 (compatible; MSIE 8.0; Windows NT 5.1; Trident/4.0; GTB6; Mozilla/4.0 (compatible; MSIE 6.0; Windows NT 5.1; SV1) ; .NET CLR 1.1.4322; .NET CLR 2.0.50727; .NET CLR 3.0.4506.2152; .NET CLR 3.5.30729)"
71.63.191.38 - - [09/Feb/2010:17:40:02 -0600] "GET /bosnews/images/rss.png HTTP/1.1" 404 220 "http://www.cpmn.org/" "Mozilla/4.0 (compatible; MSIE 8.0; Windows NT 5.1; Trident/4.0; GTB6; Mozilla/4.0 (compatible; MSIE 6.0; Windows NT 5.1; SV1) ; .NET CLR 1.1.4322; .NET CLR 2.0.50727; .NET CLR 3.0.4506.2152; .NET CLR 3.5.30729)"
72.14.199.106 - - [09/Feb/2010:19:36:45 -0600] "GET /bosnews/news.php?displayType=rss HTTP/1.1" 404 214 "-" "Feedfetcher-Google; (+http://www.google.com/feedfetcher.html; 1 subscribers; feed-id=13370266164702678733)"
173.18.163.203 - - [09/Feb/2010:20:54:12 -0600] "GET /bosnews/style.css HTTP/1.1" 404 215 "http://www.cpmn.org/" "Mozilla/5.0 (Windows; U; Windows NT 6.0; en-US; rv:1.9.1.7) Gecko/20091221 Firefox/3.5.7 (.NET CLR 3.5.30729)"
173.18.163.203 - - [09/Feb/2010:20:54:12 -0600] "GET /bosnews/javascript.js HTTP/1.1" 404 219 "http://www.cpmn.org/" "Mozilla/5.0 (Windows; U; Windows NT 6.0; en-US; rv:1.9.1.7) Gecko/20091221 Firefox/3.5.7 (.NET CLR 3.5.30729)"
173.18.163.203 - - [09/Feb/2010:20:54:12 -0600] "GET /bosnews/images/rss.png HTTP/1.1" 404 220 "http://www.cpmn.org/" "Mozilla/5.0 (Windows; U; Windows NT 6.0; en-US; rv:1.9.1.7) Gecko/20091221 Firefox/3.5.7 (.NET CLR 3.5.30729)"
67.195.112.175 - - [09/Feb/2010:20:59:06 -0600] "GET /robots.txt HTTP/1.0" 404 208 "-" "Mozilla/5.0 (compatible; Yahoo! Slurp; http://help.yahoo.com/help/us/ysearch/slurp)"
67.195.112.175 - - [09/Feb/2010:20:59:06 -0600] "GET /bosnews/style.css HTTP/1.0" 404 215 "http://www.cpmn.org/" "Mozilla/5.0 (compatible; Yahoo! Slurp/3.0; http://help.yahoo.com/help/us/ysearch/slurp)"
66.41.55.210 - - [09/Feb/2010:20:59:21 -0600] "GET /bosnews/style.css HTTP/1.1" 404 215 "http://www.cpmn.org/" "Mozilla/4.0 (compatible; MSIE 7.0; Windows NT 6.0; SLCC1; .NET CLR 2.0.50727; Media Center PC 5.0; .NET CLR 1.1.4322; .NET CLR 3.5.30729; .NET CLR 3.0.30618; OfficeLiveConnector.1.3; OfficeLivePatch.0.0)"
66.41.55.210 - - [09/Feb/2010:20:59:22 -0600] "GET /bosnews/javascript.js HTTP/1.1" 404 219 "http://www.cpmn.org/" "Mozilla/4.0 (compatible; MSIE 7.0; Windows NT 6.0; SLCC1; .NET CLR 2.0.50727; Media Center PC 5.0; .NET CLR 1.1.4322; .NET CLR 3.5.30729; .NET CLR 3.0.30618; OfficeLiveConnector.1.3; OfficeLivePatch.0.0)"
66.41.55.210 - - [09/Feb/2010:20:59:22 -0600] "GET /bosnews/images/rss.png HTTP/1.1" 404 220 "http://www.cpmn.org/" "Mozilla/4.0 (compatible; MSIE 7.0; Windows NT 6.0; SLCC1; .NET CLR 2.0.50727; Media Center PC 5.0; .NET CLR 1.1.4322; .NET CLR 3.5.30729; .NET CLR 3.0.30618; OfficeLiveConnector.1.3; OfficeLivePatch.0.0)"
66.41.55.210 - - [09/Feb/2010:21:03:47 -0600] "GET /bosnews/javascript.js HTTP/1.1" 404 219 "http://www.cpmn.org/" "Mozilla/4.0 (compatible; MSIE 7.0; Windows NT 6.0; SLCC1; .NET CLR 2.0.50727; Media Center PC 5.0; .NET CLR 1.1.4322; .NET CLR 3.5.30729; .NET CLR 3.0.30618; OfficeLiveConnector.1.3; OfficeLivePatch.0.0)"
66.41.55.210 - - [09/Feb/2010:21:03:47 -0600] "GET /bosnews/style.css HTTP/1.1" 404 215 "http://www.cpmn.org/" "Mozilla/4.0 (compatible; MSIE 7.0; Windows NT 6.0; SLCC1; .NET CLR 2.0.50727; Media Center PC 5.0; .NET CLR 1.1.4322; .NET CLR 3.5.30729; .NET CLR 3.0.30618; OfficeLiveConnector.1.3; OfficeLivePatch.0.0)"
66.41.55.210 - - [09/Feb/2010:21:03:47 -0600] "GET /bosnews/images/rss.png HTTP/1.1" 404 220 "http://www.cpmn.org/" "Mozilla/4.0 (compatible; MSIE 7.0; Windows NT 6.0; SLCC1; .NET CLR 2.0.50727; Media Center PC 5.0; .NET CLR 1.1.4322; .NET CLR 3.5.30729; .NET CLR 3.0.30618; OfficeLiveConnector.1.3; OfficeLivePatch.0.0)"
66.41.55.210 - - [09/Feb/2010:21:04:36 -0600] "GET /bosnews/style.css HTTP/1.1" 404 215 "http://www.cpmn.org/" "Mozilla/5.0 (Windows; U; Windows NT 6.0; en-US; rv:1.9.1.7) Gecko/20091221 Firefox/3.5.7"
66.41.55.210 - - [09/Feb/2010:21:04:36 -0600] "GET /bosnews/javascript.js HTTP/1.1" 404 219 "http://www.cpmn.org/" "Mozilla/5.0 (Windows; U; Windows NT 6.0; en-US; rv:1.9.1.7) Gecko/20091221 Firefox/3.5.7"
66.41.55.210 - - [09/Feb/2010:21:04:36 -0600] "GET /bosnews/images/rss.png HTTP/1.1" 404 220 "http://www.cpmn.org/" "Mozilla/5.0 (Windows; U; Windows NT 6.0; en-US; rv:1.9.1.7) Gecko/20091221 Firefox/3.5.7"
173.18.163.203 - - [09/Feb/2010:21:07:00 -0600] "GET /bosnews/style.css HTTP/1.1" 404 215 "http://www.cpmn.org/" "Mozilla/5.0 (Windows; U; Windows NT 6.0; en-US; rv:1.9.1.7) Gecko/20091221 Firefox/3.5.7 (.NET CLR 3.5.30729)"
173.18.163.203 - - [09/Feb/2010:21:07:01 -0600] "GET /bosnews/javascript.js HTTP/1.1" 404 219 "http://www.cpmn.org/" "Mozilla/5.0 (Windows; U; Windows NT 6.0; en-US; rv:1.9.1.7) Gecko/20091221 Firefox/3.5.7 (.NET CLR 3.5.30729)"
173.18.163.203 - - [09/Feb/2010:21:07:01 -0600] "GET /bosnews/images/rss.png HTTP/1.1" 404 220 "http://www.cpmn.org/" "Mozilla/5.0 (Windows; U; Windows NT 6.0; en-US; rv:1.9.1.7) Gecko/20091221 Firefox/3.5.7 (.NET CLR 3.5.30729)"
72.30.142.220 - - [09/Feb/2010:21:08:18 -0600] "GET /robots.txt HTTP/1.0" 404 208 "-" "Mozilla/5.0 (compatible; Yahoo! Slurp; http://help.yahoo.com/help/us/ysearch/slurp)"
72.30.142.220 - - [09/Feb/2010:21:08:19 -0600] "GET /bosnews/style.css HTTP/1.0" 404 215 "http://www.cpmn.org/" "Mozilla/5.0 (compatible; Yahoo! Slurp/3.0; http://help.yahoo.com/help/us/ysearch/slurp)"
72.14.199.106 - - [09/Feb/2010:22:36:55 -0600] "GET /bosnews/news.php?displayType=rss HTTP/1.1" 404 214 "-" "Feedfetcher-Google; (+http://www.google.com/feedfetcher.html; 1 subscribers; feed-id=13370266164702678733)"
66.41.55.210 - - [09/Feb/2010:22:38:46 -0600] "GET /blog/index.php HTTP/1.1" 404 212 "http://www.cpmn.org/blogs.php" "Mozilla/4.0 (compatible; MSIE 7.0; Windows NT 6.0; SLCC1; .NET CLR 2.0.50727; Media Center PC 5.0; .NET CLR 1.1.4322; .NET CLR 3.5.30729; .NET CLR 3.0.30618; OfficeLiveConnector.1.3; OfficeLivePatch.0.0)"
66.249.71.36 - - [09/Feb/2010:22:41:53 -0600] "GET /robots.txt HTTP/1.1" 404 208 "-" "Mozilla/5.0 (compatible; Googlebot/2.1; +http://www.google.com/bot.html)"
66.249.71.36 - - [09/Feb/2010:22:41:53 -0600] "GET /webcalendar/month.php?date=20100201 HTTP/1.1" 404 219 "-" "Mozilla/5.0 (compatible; Googlebot/2.1; +http://www.google.com/bot.html)"
156.98.129.16 - - [09/Feb/2010:23:13:18 -0600] "GET /bosnews/javascript.js HTTP/1.1" 404 219 "-" "Mozilla/4.0 (compatible;)"
156.98.129.16 - - [09/Feb/2010:23:13:20 -0600] "GET /bosnews/images/rss.png HTTP/1.1" 404 220 "-" "Mozilla/4.0 (compatible;)"
174.129.82.216 - - [09/Feb/2010:23:37:56 -0600] "GET /robots.txt HTTP/1.1" 404 208 "-" "Mozilla/5.0 (compatible; spbot/1.0; +http://www.seoprofiler.com/bot/ )"
174.129.82.216 - - [09/Feb/2010:23:37:57 -0600] "GET /bosnews/news.php?displayType=article&articleID=5 HTTP/1.1" 404 214 "-" "Mozilla/5.0 (compatible; spbot/1.0; +http://www.seoprofiler.com/bot/ )"
67.195.112.175 - - [09/Feb/2010:23:48:51 -0600] "GET /bosnews/news.php?displayType=article&articleID=4 HTTP/1.0" 404 214 "-" "Mozilla/5.0 (compatible; Yahoo! Slurp/3.0; http://help.yahoo.com/help/us/ysearch/slurp)"
71.34.40.119 - - [10/Feb/2010:00:22:51 -0600] "GET /bosnews/style.css HTTP/1.1" 404 215 "http://www.cpmn.org/" "Mozilla/4.0 (compatible; MSIE 8.0; Windows NT 6.0; Trident/4.0; SLCC1; .NET CLR 2.0.50727; .NET CLR 3.0.30618; .NET CLR 3.5.30729)"
71.34.40.119 - - [10/Feb/2010:00:22:51 -0600] "GET /bosnews/javascript.js HTTP/1.1" 404 219 "http://www.cpmn.org/" "Mozilla/4.0 (compatible; MSIE 8.0; Windows NT 6.0; Trident/4.0; SLCC1; .NET CLR 2.0.50727; .NET CLR 3.0.30618; .NET CLR 3.5.30729)"
71.34.40.119 - - [10/Feb/2010:00:22:51 -0600] "GET /bosnews/images/rss.png HTTP/1.1" 404 220 "http://www.cpmn.org/" "Mozilla/4.0 (compatible; MSIE 8.0; Windows NT 6.0; Trident/4.0; SLCC1; .NET CLR 2.0.50727; .NET CLR 3.0.30618; .NET CLR 3.5.30729)"
220.181.7.21 - - [10/Feb/2010:00:24:53 -0600] "GET /robots.txt HTTP/1.1" 404 208 "-" "Baiduspider+(+http://www.baidu.com/search/spider.htm)"
119.63.198.37 - - [10/Feb/2010:00:29:32 -0600] "GET /robots.txt HTTP/1.1" 404 208 "-" "Baiduspider+(+http://www.baidu.com/search/spider.htm)"
72.14.199.106 - - [10/Feb/2010:01:37:05 -0600] "GET /bosnews/news.php?displayType=rss HTTP/1.1" 404 214 "-" "Feedfetcher-Google; (+http://www.google.com/feedfetcher.html; 1 subscribers; feed-id=13370266164702678733)"
66.249.71.36 - - [10/Feb/2010:02:02:35 -0600] "GET /webcalendar/month.php?date=20100401 HTTP/1.1" 404 219 "-" "Mozilla/5.0 (compatible; Googlebot/2.1; +http://www.google.com/bot.html)"
72.44.61.170 - - [10/Feb/2010:02:06:04 -0600] "GET /robots.txt HTTP/1.1" 404 208 "-" "Mozilla/5.0 (compatible; spbot/1.0; +http://www.seoprofiler.com/bot/ )"
72.44.61.170 - - [10/Feb/2010:02:06:05 -0600] "GET /bosnews/news.php?displayType=article&articleID=5 HTTP/1.1" 404 214 "-" "Mozilla/5.0 (compatible; spbot/1.0; +http://www.seoprofiler.com/bot/ )"
72.30.142.220 - - [10/Feb/2010:03:07:23 -0600] "GET /bosnews/style.css HTTP/1.0" 404 215 "http://www.cpmn.org/" "Mozilla/5.0 (compatible; Yahoo! Slurp/3.0; http://help.yahoo.com/help/us/ysearch/slurp)"
72.44.53.29 - - [10/Feb/2010:04:15:55 -0600] "GET /robots.txt HTTP/1.1" 404 208 "-" "Mozilla/5.0 (compatible; spbot/1.0; +http://www.seoprofiler.com/bot/ )"
72.44.53.29 - - [10/Feb/2010:04:15:56 -0600] "GET /bosnews/news.php?displayType=article&articleID=5 HTTP/1.1" 404 214 "-" "Mozilla/5.0 (compatible; spbot/1.0; +http://www.seoprofiler.com/bot/ )"
72.14.199.106 - - [10/Feb/2010:04:37:05 -0600] "GET /bosnews/news.php?displayType=rss HTTP/1.1" 404 214 "-" "Feedfetcher-Google; (+http://www.google.com/feedfetcher.html; 1 subscribers; feed-id=13370266164702678733)"
174.129.103.67 - - [10/Feb/2010:04:42:48 -0600] "GET /robots.txt HTTP/1.1" 404 208 "-" "Mozilla/5.0 (compatible; spbot/1.0; +http://www.seoprofiler.com/bot/ )"
174.129.103.67 - - [10/Feb/2010:04:42:48 -0600] "GET /bosnews/news.php?displayType=article&articleID=5 HTTP/1.1" 404 214 "-" "Mozilla/5.0 (compatible; spbot/1.0; +http://www.seoprofiler.com/bot/ )"
95.108.142.138 - - [10/Feb/2010:05:59:27 -0600] "GET /robots.txt HTTP/1.1" 404 208 "-" "Yandex/1.01.001 (compatible; Win16; H)"
95.108.142.138 - - [10/Feb/2010:05:59:28 -0600] "GET / HTTP/1.1" 403 202 "-" "Yandex/1.01.001 (compatible; Win16; H)"
95.108.142.138 - - [10/Feb/2010:05:59:30 -0600] "GET / HTTP/1.1" 403 202 "-" "Yandex/1.01.001 (compatible; Win16; H)"
75.72.109.54 - - [10/Feb/2010:06:17:11 -0600] "GET /bosnews/javascript.js HTTP/1.1" 404 219 "http://www.cpmn.org/" "Mozilla/4.0 (compatible; MSIE 8.0; Windows NT 5.1; Trident/4.0; GTB6.4; .NET CLR 2.0.50727; .NET CLR 3.0.4506.2152; .NET CLR 3.5.30729; .NET CLR 1.1.4322)"
75.72.109.54 - - [10/Feb/2010:06:17:11 -0600] "GET /bosnews/style.css HTTP/1.1" 404 215 "http://www.cpmn.org/" "Mozilla/4.0 (compatible; MSIE 8.0; Windows NT 5.1; Trident/4.0; GTB6.4; .NET CLR 2.0.50727; .NET CLR 3.0.4506.2152; .NET CLR 3.5.30729; .NET CLR 1.1.4322)"
75.72.109.54 - - [10/Feb/2010:06:17:11 -0600] "GET /bosnews/images/rss.png HTTP/1.1" 404 220 "http://www.cpmn.org/" "Mozilla/4.0 (compatible; MSIE 8.0; Windows NT 5.1; Trident/4.0; GTB6.4; .NET CLR 2.0.50727; .NET CLR 3.0.4506.2152; .NET CLR 3.5.30729; .NET CLR 1.1.4322)"
75.72.109.54 - - [10/Feb/2010:06:19:00 -0600] "GET /bosnews/javascript.js HTTP/1.1" 404 219 "http://www.cpmn.org/" "Mozilla/4.0 (compatible; MSIE 8.0; Windows NT 5.1; Trident/4.0; GTB6.4; .NET CLR 2.0.50727; .NET CLR 3.0.4506.2152; .NET CLR 3.5.30729; .NET CLR 1.1.4322)"
75.72.109.54 - - [10/Feb/2010:06:19:00 -0600] "GET /bosnews/style.css HTTP/1.1" 404 215 "http://www.cpmn.org/" "Mozilla/4.0 (compatible; MSIE 8.0; Windows NT 5.1; Trident/4.0; GTB6.4; .NET CLR 2.0.50727; .NET CLR 3.0.4506.2152; .NET CLR 3.5.30729; .NET CLR 1.1.4322)"
75.72.109.54 - - [10/Feb/2010:06:19:00 -0600] "GET /bosnews/images/rss.png HTTP/1.1" 404 220 "http://www.cpmn.org/" "Mozilla/4.0 (compatible; MSIE 8.0; Windows NT 5.1; Trident/4.0; GTB6.4; .NET CLR 2.0.50727; .NET CLR 3.0.4506.2152; .NET CLR 3.5.30729; .NET CLR 1.1.4322)"
67.195.112.175 - - [10/Feb/2010:07:10:06 -0600] "GET /robots.txt HTTP/1.0" 404 208 "-" "Mozilla/5.0 (compatible; Yahoo! Slurp; http://help.yahoo.com/help/us/ysearch/slurp)"
67.195.112.175 - - [10/Feb/2010:07:10:06 -0600] "GET /bosnews/style.css HTTP/1.0" 404 215 "http://cpmn.org/" "Mozilla/5.0 (compatible; Yahoo! Slurp/3.0; http://help.yahoo.com/help/us/ysearch/slurp)"
66.249.71.36 - - [10/Feb/2010:07:18:06 -0600] "GET /contact_us.php HTTP/1.1" 404 212 "-" "Mozilla/5.0 (compatible; Googlebot/2.1; +http://www.google.com/bot.html)"
72.14.199.106 - - [10/Feb/2010:07:37:06 -0600] "GET /bosnews/news.php?displayType=rss HTTP/1.1" 404 214 "-" "Feedfetcher-Google; (+http://www.google.com/feedfetcher.html; 1 subscribers; feed-id=13370266164702678733)"
66.249.71.36 - - [10/Feb/2010:07:52:14 -0600] "GET /webcalendar/day.php?date=20100222&cat_id=-1 HTTP/1.1" 404 217 "-" "Mozilla/5.0 (compatible; Googlebot/2.1; +http://www.google.com/bot.html)"
66.249.71.36 - - [10/Feb/2010:07:59:03 -0600] "GET /bosnews/news.php?displayType=article&articleID=1 HTTP/1.1" 404 214 "-" "Mozilla/5.0 (compatible; Googlebot/2.1; +http://www.google.com/bot.html)"
216.129.119.43 - - [10/Feb/2010:08:22:43 -0600] "GET /robots.txt HTTP/1.0" 404 208 "-" "Mozilla/5.0 (Twiceler-0.9 http://www.cuil.com/twiceler/robot.html)"
66.249.71.36 - - [10/Feb/2010:08:44:08 -0600] "GET /webcalendar/month.php?date=20100301 HTTP/1.1" 404 219 "-" "Mozilla/5.0 (compatible; Googlebot/2.1; +http://www.google.com/bot.html)"
93.158.150.20 - - [10/Feb/2010:08:47:01 -0600] "GET /robots.txt HTTP/1.1" 404 208 "-" "Yandex/1.01.001 (compatible; Win16; I)"
93.158.150.20 - - [10/Feb/2010:08:47:03 -0600] "GET /bosnews/news.php?displayType=article&articleID=1 HTTP/1.1" 404 214 "-" "Yandex/1.01.001 (compatible; Win16; I)"
66.249.71.36 - - [10/Feb/2010:08:48:27 -0600] "GET /bosnews/news.php?displayType=rss HTTP/1.1" 404 214 "-" "Mozilla/5.0 (compatible; Googlebot/2.1; +http://www.google.com/bot.html)"
93.158.150.20 - - [10/Feb/2010:08:50:22 -0600] "GET /bosnews/news.php?displayType=article&articleID=3 HTTP/1.1" 404 214 "-" "Yandex/1.01.001 (compatible; Win16; I)"
72.30.142.220 - - [10/Feb/2010:09:17:27 -0600] "GET /robots.txt HTTP/1.0" 404 208 "-" "Mozilla/5.0 (compatible; Yahoo! Slurp; http://help.yahoo.com/help/us/ysearch/slurp)"
72.30.142.220 - - [10/Feb/2010:09:17:27 -0600] "GET /bosnews/style.css HTTP/1.0" 404 215 "http://www.cpmn.org/" "Mozilla/5.0 (compatible; Yahoo! Slurp/3.0; http://help.yahoo.com/help/us/ysearch/slurp)"
89.123.9.109 - - [10/Feb/2010:09:24:01 -0600] "GET /contact_us.php HTTP/1.1" 404 212 "-" "Mozilla/4.0 (compatible; MSIE 5.0; Windows NT; DigExt; DTS Agent"
192.28.0.16 - - [10/Feb/2010:10:05:34 -0600] "GET /bosnews/images/rss.png HTTP/1.1" 404 220 "http://www.cpmn.org/" "Mozilla/4.0 (compatible; MSIE 6.0; Windows NT 5.1; SV1; 3M/IE 6.0;; 3M/MSIE 6.0;; InfoPath.1; .NET CLR 1.1.4322; .NET CLR 2.0.50727; .NET CLR 3.0.04506.30)"
192.28.0.16 - - [10/Feb/2010:10:05:34 -0600] "GET /bosnews/news.php?displayType=rss HTTP/1.1" 404 214 "http://www.cpmn.org/" "Mozilla/4.0 (compatible; MSIE 6.0; Windows NT 5.1; SV1; 3M/IE 6.0;; 3M/MSIE 6.0;; InfoPath.1; .NET CLR 1.1.4322; .NET CLR 2.0.50727; .NET CLR 3.0.04506.30)"
192.28.0.16 - - [10/Feb/2010:10:05:34 -0600] "GET /bosnews/javascript.js HTTP/1.1" 404 219 "http://www.cpmn.org/" "Mozilla/4.0 (compatible; MSIE 6.0; Windows NT 5.1; SV1; 3M/IE 6.0;; 3M/MSIE 6.0;; InfoPath.1; .NET CLR 1.1.4322; .NET CLR 2.0.50727; .NET CLR 3.0.04506.30)"
192.28.0.16 - - [10/Feb/2010:10:05:34 -0600] "GET /bosnews/style.css HTTP/1.1" 404 215 "http://www.cpmn.org/" "Mozilla/4.0 (compatible; MSIE 6.0; Windows NT 5.1; SV1; 3M/IE 6.0;; 3M/MSIE 6.0;; InfoPath.1; .NET CLR 1.1.4322; .NET CLR 2.0.50727; .NET CLR 3.0.04506.30)"
173.18.163.203 - - [10/Feb/2010:10:13:45 -0600] "GET /bosnews/style.css HTTP/1.1" 404 215 "http://www.cpmn.org/" "Mozilla/5.0 (Windows; U; Windows NT 6.0; en-US; rv:1.9.1.7) Gecko/20091221 Firefox/3.5.7 (.NET CLR 3.5.30729)"
173.18.163.203 - - [10/Feb/2010:10:13:45 -0600] "GET /bosnews/javascript.js HTTP/1.1" 404 219 "http://www.cpmn.org/" "Mozilla/5.0 (Windows; U; Windows NT 6.0; en-US; rv:1.9.1.7) Gecko/20091221 Firefox/3.5.7 (.NET CLR 3.5.30729)"
173.18.163.203 - - [10/Feb/2010:10:13:46 -0600] "GET /bosnews/images/rss.png HTTP/1.1" 404 220 "http://www.cpmn.org/" "Mozilla/5.0 (Windows; U; Windows NT 6.0; en-US; rv:1.9.1.7) Gecko/20091221 Firefox/3.5.7 (.NET CLR 3.5.30729)"
70.59.79.149 - - [10/Feb/2010:10:21:14 -0600] "GET /bosnews/style.css HTTP/1.1" 404 215 "http://www.cpmn.org/" "Mozilla/4.0 (compatible; MSIE 8.0; Windows NT 6.0; Trident/4.0; GTB6.4; SLCC1; .NET CLR 2.0.50727; Media Center PC 5.0; .NET CLR 3.5.30729; .NET CLR 3.0.30729; OfficeLiveConnector.1.4; OfficeLivePatch.1.3; Qwest 1.0)"
70.59.79.149 - - [10/Feb/2010:10:21:14 -0600] "GET /bosnews/javascript.js HTTP/1.1" 404 219 "http://www.cpmn.org/" "Mozilla/4.0 (compatible; MSIE 8.0; Windows NT 6.0; Trident/4.0; GTB6.4; SLCC1; .NET CLR 2.0.50727; Media Center PC 5.0; .NET CLR 3.5.30729; .NET CLR 3.0.30729; OfficeLiveConnector.1.4; OfficeLivePatch.1.3; Qwest 1.0)"
70.59.79.149 - - [10/Feb/2010:10:21:14 -0600] "GET /bosnews/images/rss.png HTTP/1.1" 404 220 "http://www.cpmn.org/" "Mozilla/4.0 (compatible; MSIE 8.0; Windows NT 6.0; Trident/4.0; GTB6.4; SLCC1; .NET CLR 2.0.50727; Media Center PC 5.0; .NET CLR 3.5.30729; .NET CLR 3.0.30729; OfficeLiveConnector.1.4; OfficeLivePatch.1.3; Qwest 1.0)"
70.59.79.149 - - [10/Feb/2010:10:21:21 -0600] "GET /bosnews/news.php?displayType=article&articleID=5 HTTP/1.1" 404 214 "http://www.cpmn.org/" "Mozilla/4.0 (compatible; MSIE 8.0; Windows NT 6.0; Trident/4.0; GTB6.4; SLCC1; .NET CLR 2.0.50727; Media Center PC 5.0; .NET CLR 3.5.30729; .NET CLR 3.0.30729; OfficeLiveConnector.1.4; OfficeLivePatch.1.3; Qwest 1.0)"
70.59.79.149 - - [10/Feb/2010:10:21:22 -0600] "GET /favicon.ico HTTP/1.1" 404 209 "-" "Mozilla/4.0 (compatible; MSIE 8.0; Windows NT 6.0; Trident/4.0; GTB6.4; SLCC1; .NET CLR 2.0.50727; Media Center PC 5.0; .NET CLR 3.5.30729; .NET CLR 3.0.30729; OfficeLiveConnector.1.4; OfficeLivePatch.1.3; Qwest 1.0)"
70.59.79.149 - - [10/Feb/2010:10:21:28 -0600] "GET /bosnews/style.css HTTP/1.1" 404 215 "http://www.cpmn.org/" "Mozilla/4.0 (compatible; MSIE 8.0; Windows NT 6.0; Trident/4.0; GTB6.4; SLCC1; .NET CLR 2.0.50727; Media Center PC 5.0; .NET CLR 3.5.30729; .NET CLR 3.0.30729; OfficeLiveConnector.1.4; OfficeLivePatch.1.3; Qwest 1.0)"
70.59.79.149 - - [10/Feb/2010:10:21:28 -0600] "GET /bosnews/javascript.js HTTP/1.1" 404 219 "http://www.cpmn.org/" "Mozilla/4.0 (compatible; MSIE 8.0; Windows NT 6.0; Trident/4.0; GTB6.4; SLCC1; .NET CLR 2.0.50727; Media Center PC 5.0; .NET CLR 3.5.30729; .NET CLR 3.0.30729; OfficeLiveConnector.1.4; OfficeLivePatch.1.3; Qwest 1.0)"
70.59.79.149 - - [10/Feb/2010:10:21:29 -0600] "GET /bosnews/images/rss.png HTTP/1.1" 404 220 "http://www.cpmn.org/" "Mozilla/4.0 (compatible; MSIE 8.0; Windows NT 6.0; Trident/4.0; GTB6.4; SLCC1; .NET CLR 2.0.50727; Media Center PC 5.0; .NET CLR 3.5.30729; .NET CLR 3.0.30729; OfficeLiveConnector.1.4; OfficeLivePatch.1.3; Qwest 1.0)"
87.154.102.67 - - [10/Feb/2010:10:21:57 -0600] "GET / HTTP/1.1" 403 202 "-" "Java/1.6.0_17"
70.59.79.149 - - [10/Feb/2010:10:24:01 -0600] "GET /blog/index.php HTTP/1.1" 404 212 "http://www.cpmn.org/blogs.php" "Mozilla/4.0 (compatible; MSIE 8.0; Windows NT 6.0; Trident/4.0; GTB6.4; SLCC1; .NET CLR 2.0.50727; Media Center PC 5.0; .NET CLR 3.5.30729; .NET CLR 3.0.30729; OfficeLiveConnector.1.4; OfficeLivePatch.1.3; Qwest 1.0)"
72.14.199.106 - - [10/Feb/2010:10:37:14 -0600] "GET /bosnews/news.php?displayType=rss HTTP/1.1" 404 214 "-" "Feedfetcher-Google; (+http://www.google.com/feedfetcher.html; 1 subscribers; feed-id=13370266164702678733)"
97.64.174.194 - - [10/Feb/2010:11:16:57 -0600] "GET /bosnews/style.css HTTP/1.1" 404 215 "http://www.cpmn.org/" "Mozilla/4.0 (compatible; MSIE 7.0; Windows NT 5.1; .NET CLR 2.0.50727; .NET CLR 3.0.04506.30; .NET CLR 1.1.4322; InfoPath.1; .NET CLR 3.0.04506.648; .NET CLR 3.0.4506.2152; .NET CLR 3.5.30729)"
97.64.174.194 - - [10/Feb/2010:11:16:57 -0600] "GET /bosnews/javascript.js HTTP/1.1" 404 219 "http://www.cpmn.org/" "Mozilla/4.0 (compatible; MSIE 7.0; Windows NT 5.1; .NET CLR 2.0.50727; .NET CLR 3.0.04506.30; .NET CLR 1.1.4322; InfoPath.1; .NET CLR 3.0.04506.648; .NET CLR 3.0.4506.2152; .NET CLR 3.5.30729)"
97.64.174.194 - - [10/Feb/2010:11:16:57 -0600] "GET /bosnews/images/rss.png HTTP/1.1" 404 220 "http://www.cpmn.org/" "Mozilla/4.0 (compatible; MSIE 7.0; Windows NT 5.1; .NET CLR 2.0.50727; .NET CLR 3.0.04506.30; .NET CLR 1.1.4322; InfoPath.1; .NET CLR 3.0.04506.648; .NET CLR 3.0.4506.2152; .NET CLR 3.5.30729)"
144.15.255.227 - - [10/Feb/2010:11:31:49 -0600] "GET /bosnews/javascript.js HTTP/1.1" 404 219 "http://www.cpmn.org/" "Mozilla/4.0 (compatible; MSIE 6.0; Windows NT 5.1; SV1; .NET CLR 2.0.50727; .NET CLR 3.0.4506.2152; .NET CLR 3.5.30729; OfficeLiveConnector.1.3; OfficeLivePatch.0.0; MS-RTC LM 8)"
144.15.255.227 - - [10/Feb/2010:11:31:49 -0600] "GET /bosnews/style.css HTTP/1.1" 404 215 "http://www.cpmn.org/" "Mozilla/4.0 (compatible; MSIE 6.0; Windows NT 5.1; SV1; .NET CLR 2.0.50727; .NET CLR 3.0.4506.2152; .NET CLR 3.5.30729; OfficeLiveConnector.1.3; OfficeLivePatch.0.0; MS-RTC LM 8)"
144.15.255.227 - - [10/Feb/2010:11:31:49 -0600] "GET /bosnews/javascript.js HTTP/1.1" 404 219 "http://www.cpmn.org/" "Mozilla/4.0 (compatible; MSIE 6.0; Windows NT 5.1; SV1; .NET CLR 2.0.50727; .NET CLR 3.0.4506.2152; .NET CLR 3.5.30729; OfficeLiveConnector.1.3; OfficeLivePatch.0.0; MS-RTC LM 8)"
144.15.255.227 - - [10/Feb/2010:11:31:49 -0600] "GET /bosnews/images/rss.png HTTP/1.1" 404 220 "http://www.cpmn.org/" "Mozilla/4.0 (compatible; MSIE 6.0; Windows NT 5.1; SV1; .NET CLR 2.0.50727; .NET CLR 3.0.4506.2152; .NET CLR 3.5.30729; OfficeLiveConnector.1.3; OfficeLivePatch.0.0; MS-RTC LM 8)"
144.15.255.227 - - [10/Feb/2010:11:31:49 -0600] "GET /bosnews/news.php?displayType=rss HTTP/1.1" 404 214 "http://www.cpmn.org/" "Mozilla/4.0 (compatible; MSIE 6.0; Windows NT 5.1; SV1; .NET CLR 2.0.50727; .NET CLR 3.0.4506.2152; .NET CLR 3.5.30729; OfficeLiveConnector.1.3; OfficeLivePatch.0.0; MS-RTC LM 8)"
144.15.255.227 - - [10/Feb/2010:11:31:50 -0600] "GET /bosnews/images/rss.png HTTP/1.1" 404 220 "http://www.cpmn.org/" "Mozilla/4.0 (compatible; MSIE 6.0; Windows NT 5.1; SV1; .NET CLR 2.0.50727; .NET CLR 3.0.4506.2152; .NET CLR 3.5.30729; OfficeLiveConnector.1.3; OfficeLivePatch.0.0; MS-RTC LM 8)"
208.115.138.254 - - [10/Feb/2010:11:31:50 -0600] "GET /bosnews/news.php?displayType=rss HTTP/1.1" 404 214 "-" "Mozilla/4.0"
144.15.255.227 - - [10/Feb/2010:11:33:37 -0600] "GET /bosnews/news.php?displayType=article&articleID=5 HTTP/1.1" 404 214 "http://www.cpmn.org/" "Mozilla/4.0 (compatible; MSIE 6.0; Windows NT 5.1; SV1; .NET CLR 2.0.50727; .NET CLR 3.0.4506.2152; .NET CLR 3.5.30729; OfficeLiveConnector.1.3; OfficeLivePatch.0.0; MS-RTC LM 8)"
144.15.255.227 - - [10/Feb/2010:11:34:23 -0600] "GET /bosnews/javascript.js HTTP/1.1" 404 219 "http://www.cpmn.org/" "Mozilla/4.0 (compatible; MSIE 6.0; Windows NT 5.1; SV1; .NET CLR 2.0.50727; .NET CLR 3.0.4506.2152; .NET CLR 3.5.30729; OfficeLiveConnector.1.3; OfficeLivePatch.0.0; MS-RTC LM 8)"
144.15.255.227 - - [10/Feb/2010:11:34:23 -0600] "GET /bosnews/style.css HTTP/1.1" 404 215 "http://www.cpmn.org/" "Mozilla/4.0 (compatible; MSIE 6.0; Windows NT 5.1; SV1; .NET CLR 2.0.50727; .NET CLR 3.0.4506.2152; .NET CLR 3.5.30729; OfficeLiveConnector.1.3; OfficeLivePatch.0.0; MS-RTC LM 8)"
144.15.255.227 - - [10/Feb/2010:11:34:23 -0600] "GET /bosnews/images/rss.png HTTP/1.1" 404 220 "http://www.cpmn.org/" "Mozilla/4.0 (compatible; MSIE 6.0; Windows NT 5.1; SV1; .NET CLR 2.0.50727; .NET CLR 3.0.4506.2152; .NET CLR 3.5.30729; OfficeLiveConnector.1.3; OfficeLivePatch.0.0; MS-RTC LM 8)"
144.15.255.227 - - [10/Feb/2010:11:34:26 -0600] "GET /bosnews/news.php?displayType=article&articleID=4 HTTP/1.1" 404 214 "http://www.cpmn.org/" "Mozilla/4.0 (compatible; MSIE 6.0; Windows NT 5.1; SV1; .NET CLR 2.0.50727; .NET CLR 3.0.4506.2152; .NET CLR 3.5.30729; OfficeLiveConnector.1.3; OfficeLivePatch.0.0; MS-RTC LM 8)"
144.15.255.227 - - [10/Feb/2010:11:34:29 -0600] "GET /bosnews/style.css HTTP/1.1" 404 215 "http://www.cpmn.org/" "Mozilla/4.0 (compatible; MSIE 6.0; Windows NT 5.1; SV1; .NET CLR 2.0.50727; .NET CLR 3.0.4506.2152; .NET CLR 3.5.30729; OfficeLiveConnector.1.3; OfficeLivePatch.0.0; MS-RTC LM 8)"
144.15.255.227 - - [10/Feb/2010:11:34:29 -0600] "GET /bosnews/javascript.js HTTP/1.1" 404 219 "http://www.cpmn.org/" "Mozilla/4.0 (compatible; MSIE 6.0; Windows NT 5.1; SV1; .NET CLR 2.0.50727; .NET CLR 3.0.4506.2152; .NET CLR 3.5.30729; OfficeLiveConnector.1.3; OfficeLivePatch.0.0; MS-RTC LM 8)"
144.15.255.227 - - [10/Feb/2010:11:34:29 -0600] "GET /bosnews/images/rss.png HTTP/1.1" 404 220 "http://www.cpmn.org/" "Mozilla/4.0 (compatible; MSIE 6.0; Windows NT 5.1; SV1; .NET CLR 2.0.50727; .NET CLR 3.0.4506.2152; .NET CLR 3.5.30729; OfficeLiveConnector.1.3; OfficeLivePatch.0.0; MS-RTC LM 8)"
144.15.255.227 - - [10/Feb/2010:11:34:35 -0600] "GET /bosnews/news.php?displayType=article&articleID=3 HTTP/1.1" 404 214 "http://www.cpmn.org/" "Mozilla/4.0 (compatible; MSIE 6.0; Windows NT 5.1; SV1; .NET CLR 2.0.50727; .NET CLR 3.0.4506.2152; .NET CLR 3.5.30729; OfficeLiveConnector.1.3; OfficeLivePatch.0.0; MS-RTC LM 8)"
144.15.255.227 - - [10/Feb/2010:11:34:37 -0600] "GET /bosnews/style.css HTTP/1.1" 404 215 "http://www.cpmn.org/" "Mozilla/4.0 (compatible; MSIE 6.0; Windows NT 5.1; SV1; .NET CLR 2.0.50727; .NET CLR 3.0.4506.2152; .NET CLR 3.5.30729; OfficeLiveConnector.1.3; OfficeLivePatch.0.0; MS-RTC LM 8)"
144.15.255.227 - - [10/Feb/2010:11:34:37 -0600] "GET /bosnews/javascript.js HTTP/1.1" 404 219 "http://www.cpmn.org/" "Mozilla/4.0 (compatible; MSIE 6.0; Windows NT 5.1; SV1; .NET CLR 2.0.50727; .NET CLR 3.0.4506.2152; .NET CLR 3.5.30729; OfficeLiveConnector.1.3; OfficeLivePatch.0.0; MS-RTC LM 8)"
144.15.255.227 - - [10/Feb/2010:11:34:37 -0600] "GET /bosnews/images/rss.png HTTP/1.1" 404 220 "http://www.cpmn.org/" "Mozilla/4.0 (compatible; MSIE 6.0; Windows NT 5.1; SV1; .NET CLR 2.0.50727; .NET CLR 3.0.4506.2152; .NET CLR 3.5.30729; OfficeLiveConnector.1.3; OfficeLivePatch.0.0; MS-RTC LM 8)"
144.15.255.227 - - [10/Feb/2010:11:34:38 -0600] "GET /bosnews/news.php?displayType=article&articleID=2 HTTP/1.1" 404 214 "http://www.cpmn.org/" "Mozilla/4.0 (compatible; MSIE 6.0; Windows NT 5.1; SV1; .NET CLR 2.0.50727; .NET CLR 3.0.4506.2152; .NET CLR 3.5.30729; OfficeLiveConnector.1.3; OfficeLivePatch.0.0; MS-RTC LM 8)"
144.15.255.227 - - [10/Feb/2010:11:34:40 -0600] "GET /bosnews/style.css HTTP/1.1" 404 215 "http://www.cpmn.org/" "Mozilla/4.0 (compatible; MSIE 6.0; Windows NT 5.1; SV1; .NET CLR 2.0.50727; .NET CLR 3.0.4506.2152; .NET CLR 3.5.30729; OfficeLiveConnector.1.3; OfficeLivePatch.0.0; MS-RTC LM 8)"
144.15.255.227 - - [10/Feb/2010:11:34:40 -0600] "GET /bosnews/javascript.js HTTP/1.1" 404 219 "http://www.cpmn.org/" "Mozilla/4.0 (compatible; MSIE 6.0; Windows NT 5.1; SV1; .NET CLR 2.0.50727; .NET CLR 3.0.4506.2152; .NET CLR 3.5.30729; OfficeLiveConnector.1.3; OfficeLivePatch.0.0; MS-RTC LM 8)"
144.15.255.227 - - [10/Feb/2010:11:34:40 -0600] "GET /bosnews/images/rss.png HTTP/1.1" 404 220 "http://www.cpmn.org/" "Mozilla/4.0 (compatible; MSIE 6.0; Windows NT 5.1; SV1; .NET CLR 2.0.50727; .NET CLR 3.0.4506.2152; .NET CLR 3.5.30729; OfficeLiveConnector.1.3; OfficeLivePatch.0.0; MS-RTC LM 8)"
144.15.255.227 - - [10/Feb/2010:11:34:41 -0600] "GET /bosnews/news.php?displayType=article&articleID=1 HTTP/1.1" 404 214 "http://www.cpmn.org/" "Mozilla/4.0 (compatible; MSIE 6.0; Windows NT 5.1; SV1; .NET CLR 2.0.50727; .NET CLR 3.0.4506.2152; .NET CLR 3.5.30729; OfficeLiveConnector.1.3; OfficeLivePatch.0.0; MS-RTC LM 8)"
144.15.255.227 - - [10/Feb/2010:11:34:43 -0600] "GET /bosnews/style.css HTTP/1.1" 404 215 "http://www.cpmn.org/" "Mozilla/4.0 (compatible; MSIE 6.0; Windows NT 5.1; SV1; .NET CLR 2.0.50727; .NET CLR 3.0.4506.2152; .NET CLR 3.5.30729; OfficeLiveConnector.1.3; OfficeLivePatch.0.0; MS-RTC LM 8)"
144.15.255.227 - - [10/Feb/2010:11:34:43 -0600] "GET /bosnews/javascript.js HTTP/1.1" 404 219 "http://www.cpmn.org/" "Mozilla/4.0 (compatible; MSIE 6.0; Windows NT 5.1; SV1; .NET CLR 2.0.50727; .NET CLR 3.0.4506.2152; .NET CLR 3.5.30729; OfficeLiveConnector.1.3; OfficeLivePatch.0.0; MS-RTC LM 8)"
144.15.255.227 - - [10/Feb/2010:11:34:43 -0600] "GET /bosnews/images/rss.png HTTP/1.1" 404 220 "http://www.cpmn.org/" "Mozilla/4.0 (compatible; MSIE 6.0; Windows NT 5.1; SV1; .NET CLR 2.0.50727; .NET CLR 3.0.4506.2152; .NET CLR 3.5.30729; OfficeLiveConnector.1.3; OfficeLivePatch.0.0; MS-RTC LM 8)"
144.15.255.227 - - [10/Feb/2010:11:35:03 -0600] "GET /bosnews/javascript.js HTTP/1.1" 404 219 "http://www.cpmn.org/index.php" "Mozilla/4.0 (compatible; MSIE 6.0; Windows NT 5.1; SV1; .NET CLR 2.0.50727; .NET CLR 3.0.4506.2152; .NET CLR 3.5.30729; OfficeLiveConnector.1.3; OfficeLivePatch.0.0; MS-RTC LM 8)"
144.15.255.227 - - [10/Feb/2010:11:35:03 -0600] "GET /bosnews/style.css HTTP/1.1" 404 215 "http://www.cpmn.org/index.php" "Mozilla/4.0 (compatible; MSIE 6.0; Windows NT 5.1; SV1; .NET CLR 2.0.50727; .NET CLR 3.0.4506.2152; .NET CLR 3.5.30729; OfficeLiveConnector.1.3; OfficeLivePatch.0.0; MS-RTC LM 8)"
144.15.255.227 - - [10/Feb/2010:11:35:03 -0600] "GET /bosnews/images/rss.png HTTP/1.1" 404 220 "http://www.cpmn.org/index.php" "Mozilla/4.0 (compatible; MSIE 6.0; Windows NT 5.1; SV1; .NET CLR 2.0.50727; .NET CLR 3.0.4506.2152; .NET CLR 3.5.30729; OfficeLiveConnector.1.3; OfficeLivePatch.0.0; MS-RTC LM 8)"
144.15.255.227 - - [10/Feb/2010:11:35:23 -0600] "GET /blog/index.php HTTP/1.1" 404 212 "http://www.cpmn.org/blogs.php" "Mozilla/4.0 (compatible; MSIE 6.0; Windows NT 5.1; SV1; .NET CLR 2.0.50727; .NET CLR 3.0.4506.2152; .NET CLR 3.5.30729; OfficeLiveConnector.1.3; OfficeLivePatch.0.0; MS-RTC LM 8)"
144.15.255.227 - - [10/Feb/2010:11:35:23 -0600] "GET /blog/index.php HTTP/1.1" 404 212 "http://www.cpmn.org/blogs.php" "Mozilla/4.0 (compatible; MSIE 6.0; Windows NT 5.1; SV1; .NET CLR 2.0.50727; .NET CLR 3.0.4506.2152; .NET CLR 3.5.30729; OfficeLiveConnector.1.3; OfficeLivePatch.0.0; MS-RTC LM 8)"
208.115.138.254 - - [10/Feb/2010:11:35:23 -0600] "GET /blog/index.php HTTP/1.1" 404 212 "-" "Mozilla/4.0 (compatible; MSIE 7.0; Windows NT 5.1; InfoPath.1; .NET CLR 2.0.50727; .NET CLR 1.1.4322; MS-RTC LM 8; .NET CLR 3.0.4506.2152; .NET CLR 3.5.30729)"
144.15.255.227 - - [10/Feb/2010:11:35:55 -0600] "GET /blog/index.php HTTP/1.1" 404 212 "http://www.cpmn.org/blogs.php" "Mozilla/4.0 (compatible; MSIE 6.0; Windows NT 5.1; SV1; .NET CLR 2.0.50727; .NET CLR 3.0.4506.2152; .NET CLR 3.5.30729; OfficeLiveConnector.1.3; OfficeLivePatch.0.0; MS-RTC LM 8)"
144.15.255.227 - - [10/Feb/2010:11:36:08 -0600] "GET /bosnews/javascript.js HTTP/1.1" 404 219 "http://www.cpmn.org/index.php" "Mozilla/4.0 (compatible; MSIE 6.0; Windows NT 5.1; SV1; .NET CLR 2.0.50727; .NET CLR 3.0.4506.2152; .NET CLR 3.5.30729; OfficeLiveConnector.1.3; OfficeLivePatch.0.0; MS-RTC LM 8)"
144.15.255.227 - - [10/Feb/2010:11:36:08 -0600] "GET /bosnews/style.css HTTP/1.1" 404 215 "http://www.cpmn.org/index.php" "Mozilla/4.0 (compatible; MSIE 6.0; Windows NT 5.1; SV1; .NET CLR 2.0.50727; .NET CLR 3.0.4506.2152; .NET CLR 3.5.30729; OfficeLiveConnector.1.3; OfficeLivePatch.0.0; MS-RTC LM 8)"
144.15.255.227 - - [10/Feb/2010:11:36:08 -0600] "GET /bosnews/images/rss.png HTTP/1.1" 404 220 "http://www.cpmn.org/index.php" "Mozilla/4.0 (compatible; MSIE 6.0; Windows NT 5.1; SV1; .NET CLR 2.0.50727; .NET CLR 3.0.4506.2152; .NET CLR 3.5.30729; OfficeLiveConnector.1.3; OfficeLivePatch.0.0; MS-RTC LM 8)"
67.195.112.175 - - [10/Feb/2010:11:43:18 -0600] "GET /bosnews/style.css HTTP/1.0" 404 215 "http://www.cpmn.org/" "Mozilla/5.0 (compatible; Yahoo! Slurp/3.0; http://help.yahoo.com/help/us/ysearch/slurp)"
67.230.193.170 - - [10/Feb/2010:12:11:43 -0600] "GET /bosnews/style.css HTTP/1.1" 404 215 "http://www.cpmn.org/" "Mozilla/5.0 (Windows; U; Windows NT 5.1; en-US; rv:1.9.0.5) Gecko/2008120122 Firefox/3.0.5 (.NET CLR 3.5.30729)"
67.230.193.170 - - [10/Feb/2010:12:11:43 -0600] "GET /bosnews/javascript.js HTTP/1.1" 404 219 "http://www.cpmn.org/" "Mozilla/5.0 (Windows; U; Windows NT 5.1; en-US; rv:1.9.0.5) Gecko/2008120122 Firefox/3.0.5 (.NET CLR 3.5.30729)"
67.230.193.170 - - [10/Feb/2010:12:11:43 -0600] "GET /bosnews/images/rss.png HTTP/1.1" 404 220 "http://www.cpmn.org/" "Mozilla/5.0 (Windows; U; Windows NT 5.1; en-US; rv:1.9.0.5) Gecko/2008120122 Firefox/3.0.5 (.NET CLR 3.5.30729)"
66.235.124.58 - - [10/Feb/2010:12:46:10 -0600] "GET /robots.txt HTTP/1.1" 404 208 "-" "Mozilla/5.0 (compatible; Ask Jeeves/Teoma; +http://about.ask.com/en/docs/about/webmasters.shtml)"
66.235.124.58 - - [10/Feb/2010:12:46:10 -0600] "GET /bosnews/news.php?displayType=article&articleID=3 HTTP/1.1" 404 214 "-" "Mozilla/5.0 (compatible; Ask Jeeves/Teoma; +http://about.ask.com/en/docs/about/webmasters.shtml)"
95.108.142.138 - - [10/Feb/2010:13:05:07 -0600] "GET /robots.txt HTTP/1.1" 404 208 "-" "Yandex/1.01.001 (compatible; Win16; H)"
95.108.142.138 - - [10/Feb/2010:13:05:08 -0600] "GET / HTTP/1.1" 403 202 "-" "Yandex/1.01.001 (compatible; Win16; H)"
95.108.142.138 - - [10/Feb/2010:13:05:08 -0600] "GET / HTTP/1.1" 403 202 "-" "Yandex/1.01.001 (compatible; Win16; H)"
74.125.16.3 - - [10/Feb/2010:13:18:12 -0600] "GET /bosnews/images/rss.png HTTP/1.1" 404 220 "http://www.cpmn.org/" "Mozilla/5.0 (en-us) AppleWebKit/525.13 (KHTML, like Gecko; Google Wireless Transcoder) Version/3.1 Safari/525.13,Mozilla/5.0 (en-us) AppleWebKit/525.13 (KHTML, like Gecko; Google Wireless Transcoder) Version/3.1 Safari/525.13"
74.125.16.3 - - [10/Feb/2010:13:18:12 -0600] "GET /bosnews/style.css HTTP/1.1" 404 215 "http://www.cpmn.org/" "Mozilla/5.0 (en-us) AppleWebKit/525.13 (KHTML, like Gecko; Google Wireless Transcoder) Version/3.1 Safari/525.13,Mozilla/5.0 (en-us) AppleWebKit/525.13 (KHTML, like Gecko; Google Wireless Transcoder) Version/3.1 Safari/525.13"
93.158.150.20 - - [10/Feb/2010:13:27:59 -0600] "GET /robots.txt HTTP/1.1" 404 208 "-" "Yandex/1.01.001 (compatible; Win16; I)"
160.94.224.28 - - [10/Feb/2010:13:30:00 -0600] "GET /bosnews/style.css HTTP/1.1" 404 215 "http://www.cpmn.org/" "Mozilla/5.0 (Windows; U; Windows NT 5.1; en-US; rv:1.9.1.7) Gecko/20091221 Firefox/3.5.7 (.NET CLR 3.5.30729)"
160.94.224.28 - - [10/Feb/2010:13:30:00 -0600] "GET /bosnews/javascript.js HTTP/1.1" 404 219 "http://www.cpmn.org/" "Mozilla/5.0 (Windows; U; Windows NT 5.1; en-US; rv:1.9.1.7) Gecko/20091221 Firefox/3.5.7 (.NET CLR 3.5.30729)"
160.94.224.28 - - [10/Feb/2010:13:30:01 -0600] "GET /bosnews/images/rss.png HTTP/1.1" 404 220 "http://www.cpmn.org/" "Mozilla/5.0 (Windows; U; Windows NT 5.1; en-US; rv:1.9.1.7) Gecko/20091221 Firefox/3.5.7 (.NET CLR 3.5.30729)"
160.94.224.28 - - [10/Feb/2010:13:30:07 -0600] "GET /bosnews/news.php?displayType=article&articleID=5 HTTP/1.1" 404 214 "http://www.cpmn.org/" "Mozilla/5.0 (Windows; U; Windows NT 5.1; en-US; rv:1.9.1.7) Gecko/20091221 Firefox/3.5.7 (.NET CLR 3.5.30729)"
160.94.224.28 - - [10/Feb/2010:13:30:07 -0600] "GET /favicon.ico HTTP/1.1" 404 209 "-" "Mozilla/5.0 (Windows; U; Windows NT 5.1; en-US; rv:1.9.1.7) Gecko/20091221 Firefox/3.5.7 (.NET CLR 3.5.30729)"
160.94.224.28 - - [10/Feb/2010:13:30:10 -0600] "GET /favicon.ico HTTP/1.1" 404 209 "-" "Mozilla/5.0 (Windows; U; Windows NT 5.1; en-US; rv:1.9.1.7) Gecko/20091221 Firefox/3.5.7 (.NET CLR 3.5.30729)"
160.94.224.28 - - [10/Feb/2010:13:30:14 -0600] "GET /bosnews/news.php?displayType=article&articleID=1 HTTP/1.1" 404 214 "http://www.cpmn.org/" "Mozilla/5.0 (Windows; U; Windows NT 5.1; en-US; rv:1.9.1.7) Gecko/20091221 Firefox/3.5.7 (.NET CLR 3.5.30729)"
160.94.224.28 - - [10/Feb/2010:13:31:18 -0600] "GET /blog/index.php HTTP/1.1" 404 212 "http://www.cpmn.org/blogs.php" "Mozilla/5.0 (Windows; U; Windows NT 5.1; en-US; rv:1.9.1.7) Gecko/20091221 Firefox/3.5.7 (.NET CLR 3.5.30729)"
72.14.199.106 - - [10/Feb/2010:13:37:16 -0600] "GET /bosnews/news.php?displayType=rss HTTP/1.1" 404 214 "-" "Feedfetcher-Google; (+http://www.google.com/feedfetcher.html; 1 subscribers; feed-id=13370266164702678733)"
205.188.116.205 - - [10/Feb/2010:13:52:58 -0600] "GET /index.php HTTP/1.1" 404 207 "-" "Mozilla/4.0 (compatible; MSIE 7.0; AOL 9.1; AOLBuild 4334.5009; Windows NT 6.0; Trident/4.0; .NET CLR 3.5.30729; OfficeLiveConnector.1.3; OfficeLivePatch.0.0; .NET CLR 3.0.30729)"
205.188.117.8 - - [10/Feb/2010:13:52:58 -0600] "HEAD /bosnews/style.css HTTP/1.1" 404 - "-" "Mozilla/4.0 (compatible; MSIE 7.0; AOL 9.1; AOLBuild 4334.5009; Windows NT 6.0; Trident/4.0; .NET CLR 3.5.30729; OfficeLiveConnector.1.3; OfficeLivePatch.0.0; .NET CLR 3.0.30729)"
205.188.116.205 - - [10/Feb/2010:13:53:05 -0600] "GET /index.php HTTP/1.1" 404 207 "-" "Mozilla/4.0 (compatible; MSIE 7.0; AOL 9.1; AOLBuild 4334.5009; Windows NT 6.0; Trident/4.0; .NET CLR 3.5.30729; OfficeLiveConnector.1.3; OfficeLivePatch.0.0; .NET CLR 3.0.30729)"
66.249.71.36 - - [10/Feb/2010:14:58:53 -0600] "GET /robots.txt HTTP/1.1" 404 208 "-" "Mozilla/5.0 (compatible; Googlebot/2.1; +http://www.google.com/bot.html)"
66.249.71.36 - - [10/Feb/2010:14:58:53 -0600] "GET /bosnews/news.php?displayType=article&articleID=2 HTTP/1.1" 404 214 "-" "Mozilla/5.0 (compatible; Googlebot/2.1; +http://www.google.com/bot.html)"
160.94.47.16 - - [10/Feb/2010:15:28:45 -0600] "GET /bosnews/news.php?displayType=rss HTTP/1.1" 404 214 "-" "Apple-PubSub/65.11"
194.8.75.40 - - [10/Feb/2010:15:40:06 -0600] "GET /index.php HTTP/1.0" 404 207 "http://cpmn.ccsbeta.com/index.php" "Mozilla/4.0 (compatible; MSIE 6.0; Windows NT 5.2; WOW64; SV1; .NET CLR 2.0.50727)"
194.8.75.40 - - [10/Feb/2010:15:40:06 -0600] "GET / HTTP/1.0" 403 202 "http://ccsbeta.com/" "Mozilla/4.0 (compatible; MSIE 6.0; Windows NT 5.2; WOW64; SV1; .NET CLR 2.0.50727)"
194.8.75.40 - - [10/Feb/2010:15:40:06 -0600] "GET / HTTP/1.0" 403 202 "http://ccsbeta.com/" "Mozilla/4.0 (compatible; MSIE 6.0; Windows NT 5.2; WOW64; SV1; .NET CLR 2.0.50727)"
67.195.112.175 - - [10/Feb/2010:15:58:27 -0600] "GET /robots.txt HTTP/1.0" 404 208 "-" "Mozilla/5.0 (compatible; Yahoo! Slurp; http://help.yahoo.com/help/us/ysearch/slurp)"
67.195.112.175 - - [10/Feb/2010:15:58:27 -0600] "GET /bosnews/style.css HTTP/1.0" 404 215 "http://www.cpmn.org/" "Mozilla/5.0 (compatible; Yahoo! Slurp/3.0; http://help.yahoo.com/help/us/ysearch/slurp)"
160.94.47.16 - - [10/Feb/2010:15:58:46 -0600] "GET /bosnews/news.php?displayType=rss HTTP/1.1" 404 214 "-" "Apple-PubSub/65.11"
67.195.112.175 - - [10/Feb/2010:16:00:16 -0600] "GET /bosnews/news.php?displayType=article&articleID=5 HTTP/1.0" 404 214 "-" "Mozilla/5.0 (compatible; Yahoo! Slurp/3.0; http://help.yahoo.com/help/us/ysearch/slurp)"
68.191.154.169 - - [10/Feb/2010:16:33:21 -0600] "GET /bosnews/javascript.js HTTP/1.1" 404 219 "http://www.cpmn.org/" "Mozilla/5.0 (Macintosh; U; Intel Mac OS X 10_5_8; en-us) AppleWebKit/531.21.8 (KHTML, like Gecko) Version/4.0.4 Safari/531.21.10"
68.191.154.169 - - [10/Feb/2010:16:33:21 -0600] "GET /bosnews/images/rss.png HTTP/1.1" 404 220 "http://www.cpmn.org/" "Mozilla/5.0 (Macintosh; U; Intel Mac OS X 10_5_8; en-us) AppleWebKit/531.21.8 (KHTML, like Gecko) Version/4.0.4 Safari/531.21.10"
68.191.154.169 - - [10/Feb/2010:16:33:21 -0600] "GET /bosnews/style.css HTTP/1.1" 404 215 "http://www.cpmn.org/" "Mozilla/5.0 (Macintosh; U; Intel Mac OS X 10_5_8; en-us) AppleWebKit/531.21.8 (KHTML, like Gecko) Version/4.0.4 Safari/531.21.10"
68.191.154.169 - - [10/Feb/2010:16:33:21 -0600] "GET /bosnews/images/rss.png HTTP/1.1" 404 220 "http://www.cpmn.org/" "Mozilla/5.0 (Macintosh; U; Intel Mac OS X 10_5_8; en-us) AppleWebKit/531.21.8 (KHTML, like Gecko) Version/4.0.4 Safari/531.21.10"
72.14.199.106 - - [10/Feb/2010:16:37:26 -0600] "GET /bosnews/news.php?displayType=rss HTTP/1.1" 404 214 "-" "Feedfetcher-Google; (+http://www.google.com/feedfetcher.html; 1 subscribers; feed-id=13370266164702678733)"
123.151.90.133 - - [10/Feb/2010:16:38:05 -0600] "GET /bosnews/javascript.js HTTP/1.1" 404 219 "http://www.cpmn.org/" "Mozilla/4.0 (compatible; MSIE 6.0; Windows NT 5.1; SV1)"
123.151.90.133 - - [10/Feb/2010:16:38:05 -0600] "GET /bosnews/style.css HTTP/1.1" 404 215 "http://www.cpmn.org/" "Mozilla/4.0 (compatible; MSIE 6.0; Windows NT 5.1; SV1)"
123.151.90.133 - - [10/Feb/2010:16:41:19 -0600] "GET / HTTP/1.1" 403 202 "-" "Mozilla/4.0 (compatible; MSIE 6.0; Windows NT 5.1; SV1; QQDownload 1.7; TencentTraveler 4.0; CIBA; InfoPath.2; .NET CLR 2.0.50727"
93.158.150.20 - - [10/Feb/2010:16:57:07 -0600] "GET /bosnews/news.php?displayType=rss HTTP/1.1" 404 214 "-" "Yandex/1.01.001 (compatible; Win16; I)"
160.94.47.16 - - [10/Feb/2010:17:00:36 -0600] "GET /bosnews/news.php?displayType=rss HTTP/1.1" 404 214 "-" "Apple-PubSub/65.11"
131.212.210.178 - - [10/Feb/2010:17:20:13 -0600] "GET /bosnews/style.css HTTP/1.1" 404 215 "http://www.cpmn.org/" "Mozilla/4.0 (compatible; MSIE 8.0; Windows NT 5.1; Trident/4.0; GTB6.4; .NET CLR 1.1.4322; .NET CLR 2.0.50727; InfoPath.2; .NET CLR 3.0.4506.2152; .NET CLR 3.5.30729)"
131.212.210.178 - - [10/Feb/2010:17:20:13 -0600] "GET /bosnews/javascript.js HTTP/1.1" 404 219 "http://www.cpmn.org/" "Mozilla/4.0 (compatible; MSIE 8.0; Windows NT 5.1; Trident/4.0; GTB6.4; .NET CLR 1.1.4322; .NET CLR 2.0.50727; InfoPath.2; .NET CLR 3.0.4506.2152; .NET CLR 3.5.30729)"
131.212.210.178 - - [10/Feb/2010:17:20:13 -0600] "GET /bosnews/images/rss.png HTTP/1.1" 404 220 "http://www.cpmn.org/" "Mozilla/4.0 (compatible; MSIE 8.0; Windows NT 5.1; Trident/4.0; GTB6.4; .NET CLR 1.1.4322; .NET CLR 2.0.50727; InfoPath.2; .NET CLR 3.0.4506.2152; .NET CLR 3.5.30729)"
88.131.106.30 - - [10/Feb/2010:17:57:04 -0600] "GET /robots.txt HTTP/1.0" 404 208 "-" "Speedy Spider (http://www.entireweb.com/about/search_tech/speedy_spider/)"
88.131.106.30 - - [10/Feb/2010:17:57:06 -0600] "GET /bosnews/news.php?displayType=article&articleID=2 HTTP/1.0" 404 214 "-" "Speedy Spider (http://www.entireweb.com/about/search_tech/speedy_spider/)"
208.80.193.33 - - [10/Feb/2010:18:42:01 -0600] "GET / HTTP/1.0" 403 202 "-" "Mozilla/4.0 (compatible; MSIE 6.0; AOL 7.0; Windows NT 5.1; .NET CLR 1.0.3705)"
38.99.96.164 - - [10/Feb/2010:18:53:50 -0600] "GET /robots.txt HTTP/1.1" 404 208 "-" "Mozilla/5.0 (compatible; ScoutJet; +http://www.scoutjet.com/)"
38.99.96.164 - - [10/Feb/2010:18:53:53 -0600] "GET /bosnews/news.php?displayType=rss HTTP/1.1" 404 214 "-" "Mozilla/5.0 (compatible; ScoutJet; +http://www.scoutjet.com/)"
38.99.96.164 - - [10/Feb/2010:18:54:21 -0600] "GET /bosnews/news.php?displayType=article&articleID=1 HTTP/1.1" 404 214 "-" "Mozilla/5.0 (compatible; ScoutJet; +http://www.scoutjet.com/)"
38.99.96.164 - - [10/Feb/2010:18:54:49 -0600] "GET /bosnews/news.php?displayType=article&articleID=2 HTTP/1.1" 404 214 "-" "Mozilla/5.0 (compatible; ScoutJet; +http://www.scoutjet.com/)"
38.99.96.164 - - [10/Feb/2010:18:55:22 -0600] "GET /bosnews/news.php?displayType=article&articleID=3 HTTP/1.1" 404 214 "-" "Mozilla/5.0 (compatible; ScoutJet; +http://www.scoutjet.com/)"
38.99.96.164 - - [10/Feb/2010:18:55:59 -0600] "GET /bosnews/news.php?displayType=article&articleID=4 HTTP/1.1" 404 214 "-" "Mozilla/5.0 (compatible; ScoutJet; +http://www.scoutjet.com/)"
72.30.142.220 - - [10/Feb/2010:19:02:27 -0600] "GET /robots.txt HTTP/1.0" 404 208 "-" "Mozilla/5.0 (compatible; Yahoo! Slurp; http://help.yahoo.com/help/us/ysearch/slurp)"
72.30.142.220 - - [10/Feb/2010:19:02:27 -0600] "GET /bosnews/style.css HTTP/1.0" 404 215 "http://www.cpmn.org/" "Mozilla/5.0 (compatible; Yahoo! Slurp/3.0; http://help.yahoo.com/help/us/ysearch/slurp)"
72.14.199.106 - - [10/Feb/2010:19:37:26 -0600] "GET /bosnews/news.php?displayType=rss HTTP/1.1" 404 214 "-" "Feedfetcher-Google; (+http://www.google.com/feedfetcher.html; 1 subscribers; feed-id=13370266164702678733)"
66.249.71.36 - - [10/Feb/2010:20:06:02 -0600] "GET /webcalendar/month.php?date=20100501 HTTP/1.1" 404 219 "-" "Mozilla/5.0 (compatible; Googlebot/2.1; +http://www.google.com/bot.html)"
67.195.112.175 - - [10/Feb/2010:20:18:05 -0600] "GET /bosnews/news.php?displayType=article&articleID=1 HTTP/1.0" 404 214 "-" "Mozilla/5.0 (compatible; Yahoo! Slurp/3.0; http://help.yahoo.com/help/us/ysearch/slurp)"
24.154.53.56 - - [10/Feb/2010:20:21:16 -0600] "GET /bosnews/style.css HTTP/1.1" 404 215 "http://www.cpmn.org/" "Mozilla/5.0 (Windows; U; Windows NT 6.1; en-US; rv:1.9.1.7) Gecko/20091221 Firefox/3.5.7"
24.154.53.56 - - [10/Feb/2010:20:21:16 -0600] "GET /bosnews/javascript.js HTTP/1.1" 404 219 "http://www.cpmn.org/" "Mozilla/5.0 (Windows; U; Windows NT 6.1; en-US; rv:1.9.1.7) Gecko/20091221 Firefox/3.5.7"
24.154.53.56 - - [10/Feb/2010:20:21:17 -0600] "GET /bosnews/images/rss.png HTTP/1.1" 404 220 "http://www.cpmn.org/" "Mozilla/5.0 (Windows; U; Windows NT 6.1; en-US; rv:1.9.1.7) Gecko/20091221 Firefox/3.5.7"
67.202.0.31 - - [10/Feb/2010:20:38:15 -0600] "GET /robots.txt HTTP/1.1" 404 208 "-" "Mozilla/5.0 (compatible; spbot/1.1; +http://www.seoprofiler.com/bot/ )"
67.202.0.31 - - [10/Feb/2010:20:38:15 -0600] "GET /bosnews/news.php?displayType=article&articleID=5 HTTP/1.1" 404 214 "-" "Mozilla/5.0 (compatible; spbot/1.1; +http://www.seoprofiler.com/bot/ )"
64.61.225.236 - - [10/Feb/2010:21:21:13 -0600] "GET /bosnews/style.css HTTP/1.1" 404 215 "http://www.cpmn.org/" "Mozilla/4.0 (compatible; MSIE 6.0; Windows NT 5.1; SV1; GTB6.3; .NET CLR 1.0.3705; .NET CLR 1.1.4322; Media Center PC 4.0)"
64.61.225.236 - - [10/Feb/2010:21:21:13 -0600] "GET /bosnews/javascript.js HTTP/1.1" 404 219 "http://www.cpmn.org/" "Mozilla/4.0 (compatible; MSIE 6.0; Windows NT 5.1; SV1; GTB6.3; .NET CLR 1.0.3705; .NET CLR 1.1.4322; Media Center PC 4.0)"
64.61.225.236 - - [10/Feb/2010:21:21:15 -0600] "GET /bosnews/images/rss.png HTTP/1.1" 404 220 "http://www.cpmn.org/" "Mozilla/4.0 (compatible; MSIE 6.0; Windows NT 5.1; SV1; GTB6.3; .NET CLR 1.0.3705; .NET CLR 1.1.4322; Media Center PC 4.0)"
64.61.225.236 - - [10/Feb/2010:21:22:11 -0600] "GET /bosnews/news.php?displayType=article&articleID=5 HTTP/1.1" 404 214 "http://www.cpmn.org/" "Mozilla/4.0 (compatible; MSIE 6.0; Windows NT 5.1; SV1; GTB6.3; .NET CLR 1.0.3705; .NET CLR 1.1.4322; Media Center PC 4.0)"
64.61.225.236 - - [10/Feb/2010:21:22:21 -0600] "GET /bosnews/style.css HTTP/1.1" 404 215 "http://www.cpmn.org/" "Mozilla/4.0 (compatible; MSIE 6.0; Windows NT 5.1; SV1; GTB6.3; .NET CLR 1.0.3705; .NET CLR 1.1.4322; Media Center PC 4.0)"
64.61.225.236 - - [10/Feb/2010:21:22:21 -0600] "GET /bosnews/javascript.js HTTP/1.1" 404 219 "http://www.cpmn.org/" "Mozilla/4.0 (compatible; MSIE 6.0; Windows NT 5.1; SV1; GTB6.3; .NET CLR 1.0.3705; .NET CLR 1.1.4322; Media Center PC 4.0)"
64.61.225.236 - - [10/Feb/2010:21:22:21 -0600] "GET /bosnews/images/rss.png HTTP/1.1" 404 220 "http://www.cpmn.org/" "Mozilla/4.0 (compatible; MSIE 6.0; Windows NT 5.1; SV1; GTB6.3; .NET CLR 1.0.3705; .NET CLR 1.1.4322; Media Center PC 4.0)"
64.61.225.236 - - [10/Feb/2010:21:22:23 -0600] "GET /bosnews/news.php?displayType=article&articleID=5 HTTP/1.1" 404 214 "http://www.cpmn.org/" "Mozilla/4.0 (compatible; MSIE 6.0; Windows NT 5.1; SV1; GTB6.3; .NET CLR 1.0.3705; .NET CLR 1.1.4322; Media Center PC 4.0)"
64.61.225.236 - - [10/Feb/2010:21:22:38 -0600] "GET /bosnews/style.css HTTP/1.1" 404 215 "http://www.cpmn.org/" "Mozilla/4.0 (compatible; MSIE 6.0; Windows NT 5.1; SV1; GTB6.3; .NET CLR 1.0.3705; .NET CLR 1.1.4322; Media Center PC 4.0)"
64.61.225.236 - - [10/Feb/2010:21:22:38 -0600] "GET /bosnews/javascript.js HTTP/1.1" 404 219 "http://www.cpmn.org/" "Mozilla/4.0 (compatible; MSIE 6.0; Windows NT 5.1; SV1; GTB6.3; .NET CLR 1.0.3705; .NET CLR 1.1.4322; Media Center PC 4.0)"
64.61.225.236 - - [10/Feb/2010:21:22:38 -0600] "GET /bosnews/images/rss.png HTTP/1.1" 404 220 "http://www.cpmn.org/" "Mozilla/4.0 (compatible; MSIE 6.0; Windows NT 5.1; SV1; GTB6.3; .NET CLR 1.0.3705; .NET CLR 1.1.4322; Media Center PC 4.0)"
