67.195.112.175 - - [10/Feb/2010:21:26:54 -0600] "GET /bosnews/style.css HTTP/1.0" 404 215 "http://www.cpmn.org/" "Mozilla/5.0 (compatible; Yahoo! Slurp/3.0; http://help.yahoo.com/help/us/ysearch/slurp)"
93.158.150.20 - - [10/Feb/2010:22:20:02 -0600] "GET /bosnews/news.php?displayType=article&articleID=5 HTTP/1.1" 404 214 "-" "Yandex/1.01.001 (compatible; Win16; I)"
24.186.196.180 - - [10/Feb/2010:22:24:58 -0600] "GET /bosnews/style.css HTTP/1.1" 404 215 "http://www.cpmn.org/" "Mozilla/5.0 (Macintosh; U; Intel Mac OS X 10_5_8; en-us) AppleWebKit/531.21.8 (KHTML, like Gecko) Version/4.0.4 Safari/531.21.10"
24.186.196.180 - - [10/Feb/2010:22:24:58 -0600] "GET /bosnews/images/rss.png HTTP/1.1" 404 220 "http://www.cpmn.org/" "Mozilla/5.0 (Macintosh; U; Intel Mac OS X 10_5_8; en-us) AppleWebKit/531.21.8 (KHTML, like Gecko) Version/4.0.4 Safari/531.21.10"
24.186.196.180 - - [10/Feb/2010:22:24:58 -0600] "GET /bosnews/javascript.js HTTP/1.1" 404 219 "http://www.cpmn.org/" "Mozilla/5.0 (Macintosh; U; Intel Mac OS X 10_5_8; en-us) AppleWebKit/531.21.8 (KHTML, like Gecko) Version/4.0.4 Safari/531.21.10"
24.186.196.180 - - [10/Feb/2010:22:24:58 -0600] "GET /bosnews/images/rss.png HTTP/1.1" 404 220 "http://www.cpmn.org/" "Mozilla/5.0 (Macintosh; U; Intel Mac OS X 10_5_8; en-us) AppleWebKit/531.21.8 (KHTML, like Gecko) Version/4.0.4 Safari/531.21.10"
24.186.196.180 - - [10/Feb/2010:22:25:40 -0600] "GET /bosnews/style.css HTTP/1.1" 404 215 "http://www.cpmn.org/index.php" "Mozilla/5.0 (Macintosh; U; Intel Mac OS X 10_5_8; en-us) AppleWebKit/531.21.8 (KHTML, like Gecko) Version/4.0.4 Safari/531.21.10"
24.186.196.180 - - [10/Feb/2010:22:25:40 -0600] "GET /bosnews/javascript.js HTTP/1.1" 404 219 "http://www.cpmn.org/index.php" "Mozilla/5.0 (Macintosh; U; Intel Mac OS X 10_5_8; en-us) AppleWebKit/531.21.8 (KHTML, like Gecko) Version/4.0.4 Safari/531.21.10"
24.186.196.180 - - [10/Feb/2010:22:25:40 -0600] "GET /bosnews/images/rss.png HTTP/1.1" 404 220 "http://www.cpmn.org/index.php" "Mozilla/5.0 (Macintosh; U; Intel Mac OS X 10_5_8; en-us) AppleWebKit/531.21.8 (KHTML, like Gecko) Version/4.0.4 Safari/531.21.10"
72.14.199.106 - - [10/Feb/2010:22:37:36 -0600] "GET /bosnews/news.php?displayType=rss HTTP/1.1" 404 214 "-" "Feedfetcher-Google; (+http://www.google.com/feedfetcher.html; 1 subscribers; feed-id=13370266164702678733)"
93.158.150.20 - - [11/Feb/2010:00:21:05 -0600] "GET /events.php HTTP/1.1" 404 208 "-" "Yandex/1.01.001 (compatible; Win16; I)"
119.63.198.11 - - [11/Feb/2010:00:35:21 -0600] "GET /robots.txt HTTP/1.1" 404 208 "-" "Baiduspider+(+http://www.baidu.com/search/spider.htm)"
220.181.7.41 - - [11/Feb/2010:00:48:07 -0600] "GET /robots.txt HTTP/1.1" 404 208 "-" "Baiduspider+(+http://www.baidu.com/search/spider.htm)"
72.14.199.106 - - [11/Feb/2010:01:37:37 -0600] "GET /bosnews/news.php?displayType=rss HTTP/1.1" 404 214 "-" "Feedfetcher-Google; (+http://www.google.com/feedfetcher.html; 1 subscribers; feed-id=13370266164702678733)"
75.101.219.131 - - [11/Feb/2010:01:55:59 -0600] "GET /robots.txt HTTP/1.1" 404 208 "-" "Mozilla/5.0 (compatible; spbot/1.1; +http://www.seoprofiler.com/bot/ )"
75.101.219.131 - - [11/Feb/2010:01:56:00 -0600] "GET /bosnews/news.php?displayType=article&articleID=5 HTTP/1.1" 404 214 "-" "Mozilla/5.0 (compatible; spbot/1.1; +http://www.seoprofiler.com/bot/ )"
66.249.71.36 - - [11/Feb/2010:02:09:17 -0600] "GET /webcalendar/month.php?date=20100701 HTTP/1.1" 404 219 "-" "Mozilla/5.0 (compatible; Googlebot/2.1; +http://www.google.com/bot.html)"
66.249.71.36 - - [11/Feb/2010:02:55:29 -0600] "GET /webcalendar/month.php?date=20100601 HTTP/1.1" 404 219 "-" "Mozilla/5.0 (compatible; Googlebot/2.1; +http://www.google.com/bot.html)"
124.41.196.148 - - [11/Feb/2010:04:07:00 -0600] "GET /bosnews/style.css HTTP/1.1" 404 215 "http://cpmn.org/" "Mozilla/5.0 (Windows; U; Windows NT 5.1; en-US; rv:1.9.2) Gecko/20100115 Firefox/3.6"
124.41.196.148 - - [11/Feb/2010:04:07:00 -0600] "GET /bosnews/javascript.js HTTP/1.1" 404 219 "http://cpmn.org/" "Mozilla/5.0 (Windows; U; Windows NT 5.1; en-US; rv:1.9.2) Gecko/20100115 Firefox/3.6"
124.41.196.148 - - [11/Feb/2010:04:07:00 -0600] "GET /bosnews/images/rss.png HTTP/1.1" 404 220 "http://cpmn.org/" "Mozilla/5.0 (Windows; U; Windows NT 5.1; en-US; rv:1.9.2) Gecko/20100115 Firefox/3.6"
72.14.199.106 - - [11/Feb/2010:04:37:46 -0600] "GET /bosnews/news.php?displayType=rss HTTP/1.1" 404 214 "-" "Feedfetcher-Google; (+http://www.google.com/feedfetcher.html; 1 subscribers; feed-id=13370266164702678733)"
204.236.212.231 - - [11/Feb/2010:04:45:02 -0600] "GET /robots.txt HTTP/1.1" 404 208 "-" "Mozilla/5.0 (compatible; spbot/1.1; +http://www.seoprofiler.com/bot/ )"
204.236.212.231 - - [11/Feb/2010:04:45:02 -0600] "GET /bosnews/news.php?displayType=article&articleID=5 HTTP/1.1" 404 214 "-" "Mozilla/5.0 (compatible; spbot/1.1; +http://www.seoprofiler.com/bot/ )"
67.195.112.175 - - [11/Feb/2010:07:31:23 -0600] "GET /robots.txt HTTP/1.0" 404 208 "-" "Mozilla/5.0 (compatible; Yahoo! Slurp; http://help.yahoo.com/help/us/ysearch/slurp)"
67.195.112.175 - - [11/Feb/2010:07:31:23 -0600] "GET /bosnews/style.css HTTP/1.0" 404 215 "http://www.cpmn.org/" "Mozilla/5.0 (compatible; Yahoo! Slurp/3.0; http://help.yahoo.com/help/us/ysearch/slurp)"
72.14.199.106 - - [11/Feb/2010:07:37:46 -0600] "GET /bosnews/news.php?displayType=rss HTTP/1.1" 404 214 "-" "Feedfetcher-Google; (+http://www.google.com/feedfetcher.html; 1 subscribers; feed-id=13370266164702678733)"
72.30.142.220 - - [11/Feb/2010:08:33:58 -0600] "GET /robots.txt HTTP/1.0" 404 208 "-" "Mozilla/5.0 (compatible; Yahoo! Slurp; http://help.yahoo.com/help/us/ysearch/slurp)"
72.30.142.220 - - [11/Feb/2010:08:33:58 -0600] "GET /bosnews/style.css HTTP/1.0" 404 215 "http://www.cpmn.org/" "Mozilla/5.0 (compatible; Yahoo! Slurp/3.0; http://help.yahoo.com/help/us/ysearch/slurp)"
95.108.142.138 - - [11/Feb/2010:08:41:06 -0600] "GET /robots.txt HTTP/1.1" 404 208 "-" "Yandex/1.01.001 (compatible; Win16; H)"
95.108.142.138 - - [11/Feb/2010:08:41:09 -0600] "GET / HTTP/1.1" 403 202 "-" "Yandex/1.01.001 (compatible; Win16; H)"
95.108.142.138 - - [11/Feb/2010:08:41:10 -0600] "GET / HTTP/1.1" 403 202 "-" "Yandex/1.01.001 (compatible; Win16; H)"
216.129.119.43 - - [11/Feb/2010:08:48:28 -0600] "GET /robots.txt HTTP/1.1" 404 208 "-" "Mozilla/5.0 (Twiceler-0.9 http://www.cuil.com/twiceler/robot.html)"
67.195.112.98 - - [11/Feb/2010:09:18:46 -0600] "GET /robots.txt HTTP/1.0" 404 208 "-" "Mozilla/5.0 (compatible; Yahoo! Slurp; http://help.yahoo.com/help/us/ysearch/slurp)"
67.195.112.98 - - [11/Feb/2010:09:18:46 -0600] "GET / HTTP/1.0" 403 202 "-" "Mozilla/5.0 (compatible; Yahoo! Slurp/3.0; http://help.yahoo.com/help/us/ysearch/slurp)"
174.129.86.87 - - [11/Feb/2010:09:40:07 -0600] "GET /robots.txt HTTP/1.1" 404 208 "-" "Mozilla/5.0 (compatible; spbot/1.1; +http://www.seoprofiler.com/bot/ )"
174.129.86.87 - - [11/Feb/2010:09:40:08 -0600] "GET /bosnews/news.php?displayType=article&articleID=5 HTTP/1.1" 404 214 "-" "Mozilla/5.0 (compatible; spbot/1.1; +http://www.seoprofiler.com/bot/ )"
76.17.249.45 - - [11/Feb/2010:09:42:26 -0600] "GET /bosnews/style.css HTTP/1.1" 404 215 "http://www.cpmn.org/" "Mozilla/5.0 (Windows; U; Windows NT 5.1; en-US; rv:1.9.1.7) Gecko/20091221 Firefox/3.5.7 (.NET CLR 3.5.30729)"
76.17.249.45 - - [11/Feb/2010:09:42:26 -0600] "GET /bosnews/javascript.js HTTP/1.1" 404 219 "http://www.cpmn.org/" "Mozilla/5.0 (Windows; U; Windows NT 5.1; en-US; rv:1.9.1.7) Gecko/20091221 Firefox/3.5.7 (.NET CLR 3.5.30729)"
76.17.249.45 - - [11/Feb/2010:09:42:26 -0600] "GET /bosnews/images/rss.png HTTP/1.1" 404 220 "http://www.cpmn.org/" "Mozilla/5.0 (Windows; U; Windows NT 5.1; en-US; rv:1.9.1.7) Gecko/20091221 Firefox/3.5.7 (.NET CLR 3.5.30729)"
76.17.249.45 - - [11/Feb/2010:09:43:07 -0600] "GET /bosnews/news.php?displayType=article&articleID=5 HTTP/1.1" 404 214 "http://www.cpmn.org/" "Mozilla/5.0 (Windows; U; Windows NT 5.1; en-US; rv:1.9.1.7) Gecko/20091221 Firefox/3.5.7 (.NET CLR 3.5.30729)"
76.17.249.45 - - [11/Feb/2010:09:43:08 -0600] "GET /favicon.ico HTTP/1.1" 404 209 "-" "Mozilla/5.0 (Windows; U; Windows NT 5.1; en-US; rv:1.9.1.7) Gecko/20091221 Firefox/3.5.7 (.NET CLR 3.5.30729)"
72.14.199.106 - - [11/Feb/2010:10:37:47 -0600] "GET /bosnews/news.php?displayType=rss HTTP/1.1" 404 214 "-" "Feedfetcher-Google; (+http://www.google.com/feedfetcher.html; 1 subscribers; feed-id=13370266164702678733)"
184.73.7.103 - - [11/Feb/2010:10:59:08 -0600] "GET /bosnews/javascript.js HTTP/1.0" 404 219 "http://cpmn.org/" "Mozilla/5.0 (iPhone; U; CPU like Mac OS X; en) AppleWebKit/420+ (KHTML, like Gecko) Version/3.0 Mobile/1A543a Safari/419.3"
184.73.7.103 - - [11/Feb/2010:10:59:09 -0600] "GET /bosnews/style.css HTTP/1.0" 404 215 "http://cpmn.org/" "Mozilla/5.0 (iPhone; U; CPU like Mac OS X; en) AppleWebKit/420+ (KHTML, like Gecko) Version/3.0 Mobile/1A543a Safari/419.3"
165.234.180.14 - - [11/Feb/2010:12:39:16 -0600] "GET /bosnews/style.css HTTP/1.1" 404 215 "http://www.cpmn.org/" "Mozilla/4.0 (compatible; MSIE 8.0; Windows NT 5.1; Trident/4.0; .NET CLR 1.1.4322; .NET CLR 2.0.50727; .NET CLR 3.0.04506.30; InfoPath.2; .NET CLR 3.0.4506.2152; .NET CLR 3.5.30729)"
165.234.180.14 - - [11/Feb/2010:12:39:16 -0600] "GET /bosnews/javascript.js HTTP/1.1" 404 219 "http://www.cpmn.org/" "Mozilla/4.0 (compatible; MSIE 8.0; Windows NT 5.1; Trident/4.0; .NET CLR 1.1.4322; .NET CLR 2.0.50727; .NET CLR 3.0.04506.30; InfoPath.2; .NET CLR 3.0.4506.2152; .NET CLR 3.5.30729)"
165.234.180.14 - - [11/Feb/2010:12:39:17 -0600] "GET /bosnews/images/rss.png HTTP/1.1" 404 220 "http://www.cpmn.org/" "Mozilla/4.0 (compatible; MSIE 8.0; Windows NT 5.1; Trident/4.0; .NET CLR 1.1.4322; .NET CLR 2.0.50727; .NET CLR 3.0.04506.30; InfoPath.2; .NET CLR 3.0.4506.2152; .NET CLR 3.5.30729)"
24.197.179.140 - - [11/Feb/2010:13:08:16 -0600] "GET /bosnews/javascript.js HTTP/1.1" 404 219 "http://www.cpmn.org/" "Mozilla/5.0 (Macintosh; U; Intel Mac OS X 10_5_8; en-us) AppleWebKit/531.21.8 (KHTML, like Gecko) Version/4.0.4 Safari/531.21.10"
24.197.179.140 - - [11/Feb/2010:13:08:16 -0600] "GET /bosnews/images/rss.png HTTP/1.1" 404 220 "http://www.cpmn.org/" "Mozilla/5.0 (Macintosh; U; Intel Mac OS X 10_5_8; en-us) AppleWebKit/531.21.8 (KHTML, like Gecko) Version/4.0.4 Safari/531.21.10"
24.197.179.140 - - [11/Feb/2010:13:08:16 -0600] "GET /bosnews/style.css HTTP/1.1" 404 215 "http://www.cpmn.org/" "Mozilla/5.0 (Macintosh; U; Intel Mac OS X 10_5_8; en-us) AppleWebKit/531.21.8 (KHTML, like Gecko) Version/4.0.4 Safari/531.21.10"
24.197.179.140 - - [11/Feb/2010:13:08:16 -0600] "GET /bosnews/images/rss.png HTTP/1.1" 404 220 "http://www.cpmn.org/" "Mozilla/5.0 (Macintosh; U; Intel Mac OS X 10_5_8; en-us) AppleWebKit/531.21.8 (KHTML, like Gecko) Version/4.0.4 Safari/531.21.10"
174.20.9.100 - - [11/Feb/2010:13:09:21 -0600] "GET /bosnews/news.php?displayType=rss HTTP/1.1" 404 214 "-" "Apple-PubSub/65.11"
174.20.9.100 - - [11/Feb/2010:13:10:29 -0600] "GET /bosnews/javascript.js HTTP/1.1" 404 219 "HTTP://www.cpmn.org/" "Mozilla/5.0 (Macintosh; U; Intel Mac OS X 10_6; en-us) AppleWebKit/531.9 (KHTML, like Gecko) Version/4.0.3 Safari/531.9"
174.20.9.100 - - [11/Feb/2010:13:10:29 -0600] "GET /bosnews/style.css HTTP/1.1" 404 215 "HTTP://www.cpmn.org/" "Mozilla/5.0 (Macintosh; U; Intel Mac OS X 10_6; en-us) AppleWebKit/531.9 (KHTML, like Gecko) Version/4.0.3 Safari/531.9"
174.20.9.100 - - [11/Feb/2010:13:10:29 -0600] "GET /bosnews/images/rss.png HTTP/1.1" 404 220 "HTTP://www.cpmn.org/" "Mozilla/5.0 (Macintosh; U; Intel Mac OS X 10_6; en-us) AppleWebKit/531.9 (KHTML, like Gecko) Version/4.0.3 Safari/531.9"
72.14.199.106 - - [11/Feb/2010:13:37:52 -0600] "GET /bosnews/news.php?displayType=rss HTTP/1.1" 404 214 "-" "Feedfetcher-Google; (+http://www.google.com/feedfetcher.html; 1 subscribers; feed-id=13370266164702678733)"
66.220.208.1 - - [11/Feb/2010:13:42:13 -0600] "GET /bosnews/style.css HTTP/1.1" 404 215 "http://www.cpmn.org/" "Mozilla/5.0 (Windows; U; Windows NT 5.1; en-US; rv:1.9.1.6) Gecko/20091201 Firefox/3.5.6 (.NET CLR 3.5.30729)"
66.220.208.1 - - [11/Feb/2010:13:42:13 -0600] "GET /bosnews/javascript.js HTTP/1.1" 404 219 "http://www.cpmn.org/" "Mozilla/5.0 (Windows; U; Windows NT 5.1; en-US; rv:1.9.1.6) Gecko/20091201 Firefox/3.5.6 (.NET CLR 3.5.30729)"
66.220.208.1 - - [11/Feb/2010:13:42:13 -0600] "GET /bosnews/images/rss.png HTTP/1.1" 404 220 "http://www.cpmn.org/" "Mozilla/5.0 (Windows; U; Windows NT 5.1; en-US; rv:1.9.1.6) Gecko/20091201 Firefox/3.5.6 (.NET CLR 3.5.30729)"
72.30.142.220 - - [11/Feb/2010:14:21:32 -0600] "GET /bosnews/style.css HTTP/1.0" 404 215 "http://www.cpmn.org/" "Mozilla/5.0 (compatible; Yahoo! Slurp/3.0; http://help.yahoo.com/help/us/ysearch/slurp)"
93.158.150.20 - - [11/Feb/2010:14:32:03 -0600] "GET /robots.txt HTTP/1.1" 404 208 "-" "Yandex/1.01.001 (compatible; Win16; I)"
67.195.112.175 - - [11/Feb/2010:16:30:00 -0600] "GET /robots.txt HTTP/1.0" 404 208 "-" "Mozilla/5.0 (compatible; Yahoo! Slurp; http://help.yahoo.com/help/us/ysearch/slurp)"
67.195.112.175 - - [11/Feb/2010:16:30:00 -0600] "GET /bosnews/news.php?displayType=rss HTTP/1.0" 404 214 "-" "Mozilla/5.0 (compatible; Yahoo! Slurp/3.0; http://help.yahoo.com/help/us/ysearch/slurp)"
72.14.199.106 - - [11/Feb/2010:16:37:57 -0600] "GET /bosnews/news.php?displayType=rss HTTP/1.1" 404 214 "-" "Feedfetcher-Google; (+http://www.google.com/feedfetcher.html; 1 subscribers; feed-id=13370266164702678733)"
123.151.90.133 - - [11/Feb/2010:16:47:19 -0600] "GET /bosnews/javascript.js HTTP/1.1" 404 219 "http://www.cpmn.org/" "Mozilla/4.0 (compatible; MSIE 6.0; Windows NT 5.1; SV1)"
123.151.90.133 - - [11/Feb/2010:16:47:19 -0600] "GET /bosnews/style.css HTTP/1.1" 404 215 "http://www.cpmn.org/" "Mozilla/4.0 (compatible; MSIE 6.0; Windows NT 5.1; SV1)"
123.151.90.133 - - [11/Feb/2010:16:50:22 -0600] "GET / HTTP/1.1" 403 202 "-" "Mozilla/4.0 (compatible; MSIE 6.0; Windows NT 5.1; SV1; QQDownload 1.7; TencentTraveler 4.0; CIBA; InfoPath.2; .NET CLR 2.0.50727"
75.109.236.9 - - [11/Feb/2010:16:51:46 -0600] "GET /bosnews/style.css HTTP/1.1" 404 215 "http://www.cpmn.org/" "Mozilla/4.0 (compatible; MSIE 7.0; Windows NT 5.1; .NET CLR 2.0.50727; .NET CLR 3.0.4506.2152; .NET CLR 3.5.30729)"
75.109.236.9 - - [11/Feb/2010:16:51:46 -0600] "GET /bosnews/javascript.js HTTP/1.1" 404 219 "http://www.cpmn.org/" "Mozilla/4.0 (compatible; MSIE 7.0; Windows NT 5.1; .NET CLR 2.0.50727; .NET CLR 3.0.4506.2152; .NET CLR 3.5.30729)"
75.109.236.9 - - [11/Feb/2010:16:51:46 -0600] "GET /bosnews/images/rss.png HTTP/1.1" 404 220 "http://www.cpmn.org/" "Mozilla/4.0 (compatible; MSIE 7.0; Windows NT 5.1; .NET CLR 2.0.50727; .NET CLR 3.0.4506.2152; .NET CLR 3.5.30729)"
71.63.149.183 - - [11/Feb/2010:17:04:11 -0600] "GET /bosnews/style.css HTTP/1.1" 404 215 "http://www.cpmn.org/" "Mozilla/5.0 (Macintosh; U; PPC Mac OS X; en) AppleWebKit/312.9 (KHTML, like Gecko) Safari/312.6"
71.63.149.183 - - [11/Feb/2010:17:04:11 -0600] "GET /bosnews/javascript.js HTTP/1.1" 404 219 "http://www.cpmn.org/" "Mozilla/5.0 (Macintosh; U; PPC Mac OS X; en) AppleWebKit/312.9 (KHTML, like Gecko) Safari/312.6"
71.63.149.183 - - [11/Feb/2010:17:04:11 -0600] "GET /bosnews/images/rss.png HTTP/1.1" 404 220 "http://www.cpmn.org/" "Mozilla/5.0 (Macintosh; U; PPC Mac OS X; en) AppleWebKit/312.9 (KHTML, like Gecko) Safari/312.6"
93.158.150.20 - - [11/Feb/2010:17:20:27 -0600] "GET / HTTP/1.1" 403 202 "-" "Yandex/1.01.001 (compatible; Win16; I)"
71.63.149.183 - - [11/Feb/2010:17:23:00 -0600] "GET /bosnews/style.css HTTP/1.1" 404 215 "http://www.cpmn.org/index.php" "Mozilla/5.0 (Macintosh; U; PPC Mac OS X; en) AppleWebKit/312.9 (KHTML, like Gecko) Safari/312.6"
71.63.149.183 - - [11/Feb/2010:17:23:00 -0600] "GET /bosnews/javascript.js HTTP/1.1" 404 219 "http://www.cpmn.org/index.php" "Mozilla/5.0 (Macintosh; U; PPC Mac OS X; en) AppleWebKit/312.9 (KHTML, like Gecko) Safari/312.6"
71.63.149.183 - - [11/Feb/2010:17:23:00 -0600] "GET /bosnews/images/rss.png HTTP/1.1" 404 220 "http://www.cpmn.org/index.php" "Mozilla/5.0 (Macintosh; U; PPC Mac OS X; en) AppleWebKit/312.9 (KHTML, like Gecko) Safari/312.6"
71.63.149.183 - - [11/Feb/2010:17:23:03 -0600] "GET /bosnews/news.php?displayType=article&articleID=5 HTTP/1.1" 404 214 "http://www.cpmn.org/index.php" "Mozilla/5.0 (Macintosh; U; PPC Mac OS X; en) AppleWebKit/312.9 (KHTML, like Gecko) Safari/312.6"
71.63.149.183 - - [11/Feb/2010:17:23:03 -0600] "GET /favicon.ico HTTP/1.1" 404 209 "-" "Mozilla/5.0 (Macintosh; U; PPC Mac OS X; en) AppleWebKit/312.9 (KHTML, like Gecko) Safari/312.6"
71.63.149.183 - - [11/Feb/2010:17:23:09 -0600] "GET /bosnews/news.php?displayType=article&articleID=4 HTTP/1.1" 404 214 "http://www.cpmn.org/index.php" "Mozilla/5.0 (Macintosh; U; PPC Mac OS X; en) AppleWebKit/312.9 (KHTML, like Gecko) Safari/312.6"
71.63.149.183 - - [11/Feb/2010:17:23:17 -0600] "GET /bosnews/news.php?displayType=article&articleID=3 HTTP/1.1" 404 214 "http://www.cpmn.org/index.php" "Mozilla/5.0 (Macintosh; U; PPC Mac OS X; en) AppleWebKit/312.9 (KHTML, like Gecko) Safari/312.6"
71.63.149.183 - - [11/Feb/2010:17:23:24 -0600] "GET /bosnews/news.php?displayType=article&articleID=1 HTTP/1.1" 404 214 "http://www.cpmn.org/index.php" "Mozilla/5.0 (Macintosh; U; PPC Mac OS X; en) AppleWebKit/312.9 (KHTML, like Gecko) Safari/312.6"
71.63.149.183 - - [11/Feb/2010:17:25:29 -0600] "GET /blog/index.php HTTP/1.1" 404 212 "http://www.cpmn.org/blogs.php" "Mozilla/5.0 (Macintosh; U; PPC Mac OS X; en) AppleWebKit/312.9 (KHTML, like Gecko) Safari/312.6"
71.63.149.183 - - [11/Feb/2010:17:25:38 -0600] "GET /bosnews/style.css HTTP/1.1" 404 215 "http://www.cpmn.org/index.php" "Mozilla/5.0 (Macintosh; U; PPC Mac OS X; en) AppleWebKit/312.9 (KHTML, like Gecko) Safari/312.6"
71.63.149.183 - - [11/Feb/2010:17:25:38 -0600] "GET /bosnews/javascript.js HTTP/1.1" 404 219 "http://www.cpmn.org/index.php" "Mozilla/5.0 (Macintosh; U; PPC Mac OS X; en) AppleWebKit/312.9 (KHTML, like Gecko) Safari/312.6"
71.63.149.183 - - [11/Feb/2010:17:25:38 -0600] "GET /bosnews/images/rss.png HTTP/1.1" 404 220 "http://www.cpmn.org/index.php" "Mozilla/5.0 (Macintosh; U; PPC Mac OS X; en) AppleWebKit/312.9 (KHTML, like Gecko) Safari/312.6"
66.235.124.2 - - [11/Feb/2010:17:26:02 -0600] "GET /robots.txt HTTP/1.1" 404 208 "-" "Mozilla/5.0 (compatible; Ask Jeeves/Teoma; +http://about.ask.com/en/docs/about/webmasters.shtml)"
66.235.124.2 - - [11/Feb/2010:17:26:07 -0600] "GET /bosnews/javascript.js HTTP/1.1" 404 219 "-" "Mozilla/5.0 (compatible; Ask Jeeves/Teoma; +http://about.ask.com/en/docs/about/webmasters.shtml)"
207.62.88.11 - - [11/Feb/2010:18:59:54 -0600] "GET /bosnews/style.css HTTP/1.1" 404 215 "http://www.cpmn.org/" "Mozilla/4.0 (compatible; MSIE 7.0; Windows NT 5.1; .NET CLR 1.1.4322; .NET CLR 2.0.50727; .NET CLR 3.0.4506.2152; .NET CLR 3.5.30729)"
207.62.88.11 - - [11/Feb/2010:18:59:54 -0600] "GET /bosnews/javascript.js HTTP/1.1" 404 219 "http://www.cpmn.org/" "Mozilla/4.0 (compatible; MSIE 7.0; Windows NT 5.1; .NET CLR 1.1.4322; .NET CLR 2.0.50727; .NET CLR 3.0.4506.2152; .NET CLR 3.5.30729)"
207.62.88.11 - - [11/Feb/2010:18:59:54 -0600] "GET /bosnews/images/rss.png HTTP/1.1" 404 220 "http://www.cpmn.org/" "Mozilla/4.0 (compatible; MSIE 7.0; Windows NT 5.1; .NET CLR 1.1.4322; .NET CLR 2.0.50727; .NET CLR 3.0.4506.2152; .NET CLR 3.5.30729)"
66.249.71.36 - - [11/Feb/2010:19:03:53 -0600] "GET /robots.txt HTTP/1.1" 404 208 "-" "Mozilla/5.0 (compatible; Googlebot/2.1; +http://www.google.com/bot.html)"
66.249.71.36 - - [11/Feb/2010:19:03:53 -0600] "GET /bosnews/news.php?displayType=article&articleID=3 HTTP/1.1" 404 214 "-" "Mozilla/5.0 (compatible; Googlebot/2.1; +http://www.google.com/bot.html)"
93.158.150.20 - - [11/Feb/2010:19:07:36 -0600] "GET /index.php HTTP/1.1" 404 207 "-" "Yandex/1.01.001 (compatible; Win16; I)"
72.14.199.106 - - [11/Feb/2010:19:37:58 -0600] "GET /bosnews/news.php?displayType=rss HTTP/1.1" 404 214 "-" "Feedfetcher-Google; (+http://www.google.com/feedfetcher.html; 1 subscribers; feed-id=13370266164702678733)"
66.249.71.36 - - [11/Feb/2010:20:17:15 -0600] "GET /webcalendar/month.php?date=20101001 HTTP/1.1" 404 219 "-" "Mozilla/5.0 (compatible; Googlebot/2.1; +http://www.google.com/bot.html)"
93.158.150.20 - - [11/Feb/2010:20:49:28 -0600] "GET /blog/index.php HTTP/1.1" 404 212 "-" "Yandex/1.01.001 (compatible; Win16; I)"
72.30.142.220 - - [11/Feb/2010:20:53:01 -0600] "GET /robots.txt HTTP/1.0" 404 208 "-" "Mozilla/5.0 (compatible; Yahoo! Slurp; http://help.yahoo.com/help/us/ysearch/slurp)"
72.30.142.220 - - [11/Feb/2010:20:53:02 -0600] "GET /bosnews/style.css HTTP/1.0" 404 215 "http://www.cpmn.org/" "Mozilla/5.0 (compatible; Yahoo! Slurp/3.0; http://help.yahoo.com/help/us/ysearch/slurp)"
97.116.25.146 - - [11/Feb/2010:21:39:28 -0600] "GET /bosnews/javascript.js HTTP/1.1" 404 219 "http://www.cpmn.org/" "Mozilla/4.0 (compatible; MSIE 8.0; Windows NT 5.1; Trident/4.0; .NET CLR 1.1.4322; .NET CLR 2.0.50727; .NET CLR 3.0.04506.648; .NET CLR 3.5.21022; InfoPath.1; MS-RTC LM 8; .NET CLR 3.0.4506.2152; .NET CLR 3.5.30729)"
97.116.25.146 - - [11/Feb/2010:21:39:28 -0600] "GET /bosnews/style.css HTTP/1.1" 404 215 "http://www.cpmn.org/" "Mozilla/4.0 (compatible; MSIE 8.0; Windows NT 5.1; Trident/4.0; .NET CLR 1.1.4322; .NET CLR 2.0.50727; .NET CLR 3.0.04506.648; .NET CLR 3.5.21022; InfoPath.1; MS-RTC LM 8; .NET CLR 3.0.4506.2152; .NET CLR 3.5.30729)"
97.116.25.146 - - [11/Feb/2010:21:39:28 -0600] "GET /bosnews/images/rss.png HTTP/1.1" 404 220 "http://www.cpmn.org/" "Mozilla/4.0 (compatible; MSIE 8.0; Windows NT 5.1; Trident/4.0; .NET CLR 1.1.4322; .NET CLR 2.0.50727; .NET CLR 3.0.04506.648; .NET CLR 3.5.21022; InfoPath.1; MS-RTC LM 8; .NET CLR 3.0.4506.2152; .NET CLR 3.5.30729)"
97.116.25.146 - - [11/Feb/2010:21:40:03 -0600] "GET /bosnews/news.php?displayType=article&articleID=5 HTTP/1.1" 404 214 "http://www.cpmn.org/" "Mozilla/4.0 (compatible; MSIE 8.0; Windows NT 5.1; Trident/4.0; .NET CLR 1.1.4322; .NET CLR 2.0.50727; .NET CLR 3.0.04506.648; .NET CLR 3.5.21022; InfoPath.1; MS-RTC LM 8; .NET CLR 3.0.4506.2152; .NET CLR 3.5.30729)"
97.116.25.146 - - [11/Feb/2010:21:40:07 -0600] "GET /bosnews/style.css HTTP/1.1" 404 215 "http://www.cpmn.org/" "Mozilla/4.0 (compatible; MSIE 8.0; Windows NT 5.1; Trident/4.0; .NET CLR 1.1.4322; .NET CLR 2.0.50727; .NET CLR 3.0.04506.648; .NET CLR 3.5.21022; InfoPath.1; MS-RTC LM 8; .NET CLR 3.0.4506.2152; .NET CLR 3.5.30729)"
97.116.25.146 - - [11/Feb/2010:21:40:07 -0600] "GET /bosnews/javascript.js HTTP/1.1" 404 219 "http://www.cpmn.org/" "Mozilla/4.0 (compatible; MSIE 8.0; Windows NT 5.1; Trident/4.0; .NET CLR 1.1.4322; .NET CLR 2.0.50727; .NET CLR 3.0.04506.648; .NET CLR 3.5.21022; InfoPath.1; MS-RTC LM 8; .NET CLR 3.0.4506.2152; .NET CLR 3.5.30729)"
97.116.25.146 - - [11/Feb/2010:21:40:07 -0600] "GET /bosnews/images/rss.png HTTP/1.1" 404 220 "http://www.cpmn.org/" "Mozilla/4.0 (compatible; MSIE 8.0; Windows NT 5.1; Trident/4.0; .NET CLR 1.1.4322; .NET CLR 2.0.50727; .NET CLR 3.0.04506.648; .NET CLR 3.5.21022; InfoPath.1; MS-RTC LM 8; .NET CLR 3.0.4506.2152; .NET CLR 3.5.30729)"
97.116.25.146 - - [11/Feb/2010:21:40:09 -0600] "GET /bosnews/news.php?displayType=article&articleID=4 HTTP/1.1" 404 214 "http://www.cpmn.org/" "Mozilla/4.0 (compatible; MSIE 8.0; Windows NT 5.1; Trident/4.0; .NET CLR 1.1.4322; .NET CLR 2.0.50727; .NET CLR 3.0.04506.648; .NET CLR 3.5.21022; InfoPath.1; MS-RTC LM 8; .NET CLR 3.0.4506.2152; .NET CLR 3.5.30729)"
97.116.25.146 - - [11/Feb/2010:21:40:13 -0600] "GET /bosnews/style.css HTTP/1.1" 404 215 "http://www.cpmn.org/" "Mozilla/4.0 (compatib